[INFO] fetching crate badger 0.2.1...
[INFO] building badger-0.2.1 against master#881c1ac408d93bb7adaa3a51dabab9266e82eee8 for issue-85264
[INFO] extracting crate badger 0.2.1 into /workspace/builds/worker-3/source
[INFO] validating manifest of crates.io crate badger 0.2.1 on toolchain 881c1ac408d93bb7adaa3a51dabab9266e82eee8
[INFO] running `Command { std: "/workspace/cargo-home/bin/cargo" "+881c1ac408d93bb7adaa3a51dabab9266e82eee8" "metadata" "--manifest-path" "Cargo.toml" "--no-deps", kill_on_drop: false }`
[INFO] started tweaking crates.io crate badger 0.2.1
[INFO] finished tweaking crates.io crate badger 0.2.1
[INFO] tweaked toml for crates.io crate badger 0.2.1 written to /workspace/builds/worker-3/source/Cargo.toml
[INFO] running `Command { std: "/workspace/cargo-home/bin/cargo" "+881c1ac408d93bb7adaa3a51dabab9266e82eee8" "generate-lockfile" "--manifest-path" "Cargo.toml" "-Zno-index-update", kill_on_drop: false }`
[INFO] running `Command { std: "/workspace/cargo-home/bin/cargo" "+881c1ac408d93bb7adaa3a51dabab9266e82eee8" "fetch" "--manifest-path" "Cargo.toml", kill_on_drop: false }`
[INFO] running `Command { std: "docker" "create" "-v" "/var/lib/crater-agent-workspace/builds/worker-3/target:/opt/rustwide/target:rw,Z" "-v" "/var/lib/crater-agent-workspace/builds/worker-3/source:/opt/rustwide/workdir:ro,Z" "-v" "/var/lib/crater-agent-workspace/cargo-home:/opt/rustwide/cargo-home:ro,Z" "-v" "/var/lib/crater-agent-workspace/rustup-home:/opt/rustwide/rustup-home:ro,Z" "-e" "SOURCE_DIR=/opt/rustwide/workdir" "-e" "CARGO_TARGET_DIR=/opt/rustwide/target" "-e" "CARGO_HOME=/opt/rustwide/cargo-home" "-e" "RUSTUP_HOME=/opt/rustwide/rustup-home" "-w" "/opt/rustwide/workdir" "-m" "1610612736" "--user" "0:0" "--network" "none" "ghcr.io/rust-lang/crates-build-env/linux@sha256:20528e8c29e4536546f0102ce88568b16ea7538393a33fcca951030f7af10457" "/opt/rustwide/cargo-home/bin/cargo" "+881c1ac408d93bb7adaa3a51dabab9266e82eee8" "metadata" "--no-deps" "--format-version=1", kill_on_drop: false }`
[INFO] [stderr] WARNING: Your kernel does not support swap limit capabilities or the cgroup is not mounted. Memory limited without swap.
[INFO] [stdout] 268395a3266f527b02e8e4cab13e0e320bccf5ee4508840388a8d3838c9a03db
[INFO] running `Command { std: "docker" "start" "-a" "268395a3266f527b02e8e4cab13e0e320bccf5ee4508840388a8d3838c9a03db", kill_on_drop: false }`
[INFO] running `Command { std: "docker" "inspect" "268395a3266f527b02e8e4cab13e0e320bccf5ee4508840388a8d3838c9a03db", kill_on_drop: false }`
[INFO] running `Command { std: "docker" "rm" "-f" "268395a3266f527b02e8e4cab13e0e320bccf5ee4508840388a8d3838c9a03db", kill_on_drop: false }`
[INFO] [stdout] 268395a3266f527b02e8e4cab13e0e320bccf5ee4508840388a8d3838c9a03db
[INFO] running `Command { std: "docker" "create" "-v" "/var/lib/crater-agent-workspace/builds/worker-3/target:/opt/rustwide/target:rw,Z" "-v" "/var/lib/crater-agent-workspace/builds/worker-3/source:/opt/rustwide/workdir:ro,Z" "-v" "/var/lib/crater-agent-workspace/cargo-home:/opt/rustwide/cargo-home:ro,Z" "-v" "/var/lib/crater-agent-workspace/rustup-home:/opt/rustwide/rustup-home:ro,Z" "-e" "SOURCE_DIR=/opt/rustwide/workdir" "-e" "CARGO_TARGET_DIR=/opt/rustwide/target" "-e" "CARGO_INCREMENTAL=0" "-e" "RUST_BACKTRACE=full" "-e" "RUSTFLAGS=--cap-lints=forbid" "-e" "CARGO_HOME=/opt/rustwide/cargo-home" "-e" "RUSTUP_HOME=/opt/rustwide/rustup-home" "-w" "/opt/rustwide/workdir" "-m" "1610612736" "--user" "0:0" "--network" "none" "ghcr.io/rust-lang/crates-build-env/linux@sha256:20528e8c29e4536546f0102ce88568b16ea7538393a33fcca951030f7af10457" "/opt/rustwide/cargo-home/bin/cargo" "+881c1ac408d93bb7adaa3a51dabab9266e82eee8" "build" "--frozen" "--message-format=json", kill_on_drop: false }`
[INFO] [stdout] a6abdb6047c3c074769d41806fef87df2e0bc2aabf23c59c1a05e22ef55231fe
[INFO] [stderr] WARNING: Your kernel does not support swap limit capabilities or the cgroup is not mounted. Memory limited without swap.
[INFO] running `Command { std: "docker" "start" "-a" "a6abdb6047c3c074769d41806fef87df2e0bc2aabf23c59c1a05e22ef55231fe", kill_on_drop: false }`
[INFO] [stderr]    Compiling utf8-ranges v0.1.3
[INFO] [stderr]    Compiling regex-syntax v0.3.9
[INFO] [stderr]    Compiling strsim v0.5.2
[INFO] [stderr]    Compiling lazy_static v0.2.11
[INFO] [stderr]    Compiling rustc-serialize v0.3.24
[INFO] [stderr]    Compiling itoa v0.1.1
[INFO] [stderr]    Compiling memchr v0.1.11
[INFO] [stderr]    Compiling thread-id v2.0.0
[INFO] [stderr]    Compiling thread_local v0.2.7
[INFO] [stderr]    Compiling aho-corasick v0.5.3
[INFO] [stderr]    Compiling regex v0.1.80
[INFO] [stderr]    Compiling docopt v0.6.86
[INFO] [stderr]    Compiling badger v0.2.1 (/opt/rustwide/workdir)
[INFO] [stdout] warning: `...` range patterns are deprecated
[INFO] [stdout]    --> src/tokenizer.rs:240:21
[INFO] [stdout]     |
[INFO] [stdout] 240 |                 b'0'...b'7' => peek - b'0',
[INFO] [stdout]     |                     ^^^ help: use `..=` for an inclusive range
[INFO] [stdout]     |
[INFO] [stdout]     = note: `#[warn(ellipsis_inclusive_range_patterns)]` on by default
[INFO] [stdout]     = warning: this was previously accepted by the compiler but is being phased out; it will become a hard error in the 2021 edition!
[INFO] [stdout]     = note: for more information, see issue #80165 <https://github.com/rust-lang/rust/issues/80165>
[INFO] [stdout] 
[INFO] [stdout] 
[INFO] [stdout] warning: `...` range patterns are deprecated
[INFO] [stdout]    --> src/tokenizer.rs:257:21
[INFO] [stdout]     |
[INFO] [stdout] 257 |                 b'0'...b'9' => peek - b'0',
[INFO] [stdout]     |                     ^^^ help: use `..=` for an inclusive range
[INFO] [stdout]     |
[INFO] [stdout]     = warning: this was previously accepted by the compiler but is being phased out; it will become a hard error in the 2021 edition!
[INFO] [stdout]     = note: for more information, see issue #80165 <https://github.com/rust-lang/rust/issues/80165>
[INFO] [stdout] 
[INFO] [stdout] 
[INFO] [stdout] warning: `...` range patterns are deprecated
[INFO] [stdout]    --> src/tokenizer.rs:258:21
[INFO] [stdout]     |
[INFO] [stdout] 258 |                 b'a'...b'f' => peek - b'a' + 10,
[INFO] [stdout]     |                     ^^^ help: use `..=` for an inclusive range
[INFO] [stdout]     |
[INFO] [stdout]     = warning: this was previously accepted by the compiler but is being phased out; it will become a hard error in the 2021 edition!
[INFO] [stdout]     = note: for more information, see issue #80165 <https://github.com/rust-lang/rust/issues/80165>
[INFO] [stdout] 
[INFO] [stdout] 
[INFO] [stdout] warning: `...` range patterns are deprecated
[INFO] [stdout]    --> src/tokenizer.rs:259:21
[INFO] [stdout]     |
[INFO] [stdout] 259 |                 b'A'...b'F' => peek - b'A' + 10,
[INFO] [stdout]     |                     ^^^ help: use `..=` for an inclusive range
[INFO] [stdout]     |
[INFO] [stdout]     = warning: this was previously accepted by the compiler but is being phased out; it will become a hard error in the 2021 edition!
[INFO] [stdout]     = note: for more information, see issue #80165 <https://github.com/rust-lang/rust/issues/80165>
[INFO] [stdout] 
[INFO] [stdout] 
[INFO] [stdout] warning: `...` range patterns are deprecated
[INFO] [stdout]    --> src/tokenizer.rs:274:21
[INFO] [stdout]     |
[INFO] [stdout] 274 |                 b'0'...b'9' => self.bump(),
[INFO] [stdout]     |                     ^^^ help: use `..=` for an inclusive range
[INFO] [stdout]     |
[INFO] [stdout]     = warning: this was previously accepted by the compiler but is being phased out; it will become a hard error in the 2021 edition!
[INFO] [stdout]     = note: for more information, see issue #80165 <https://github.com/rust-lang/rust/issues/80165>
[INFO] [stdout] 
[INFO] [stdout] 
[INFO] [stdout] warning: `...` range patterns are deprecated
[INFO] [stdout]    --> src/tokenizer.rs:316:21
[INFO] [stdout]     |
[INFO] [stdout] 316 |                 b'0'...b'9' => {
[INFO] [stdout]     |                     ^^^ help: use `..=` for an inclusive range
[INFO] [stdout]     |
[INFO] [stdout]     = warning: this was previously accepted by the compiler but is being phased out; it will become a hard error in the 2021 edition!
[INFO] [stdout]     = note: for more information, see issue #80165 <https://github.com/rust-lang/rust/issues/80165>
[INFO] [stdout] 
[INFO] [stdout] 
[INFO] [stdout] warning: `...` range patterns are deprecated
[INFO] [stdout]    --> src/tokenizer.rs:547:33
[INFO] [stdout]     |
[INFO] [stdout] 547 | ...                   b'0'...b'9' => {
[INFO] [stdout]     |                           ^^^ help: use `..=` for an inclusive range
[INFO] [stdout]     |
[INFO] [stdout]     = warning: this was previously accepted by the compiler but is being phased out; it will become a hard error in the 2021 edition!
[INFO] [stdout]     = note: for more information, see issue #80165 <https://github.com/rust-lang/rust/issues/80165>
[INFO] [stdout] 
[INFO] [stdout] 
[INFO] [stdout] warning: `...` range patterns are deprecated
[INFO] [stdout]    --> src/tokenizer.rs:563:21
[INFO] [stdout]     |
[INFO] [stdout] 563 |                 b'0'...b'9' => Literal(self.read_number(ch)),
[INFO] [stdout]     |                     ^^^ help: use `..=` for an inclusive range
[INFO] [stdout]     |
[INFO] [stdout]     = warning: this was previously accepted by the compiler but is being phased out; it will become a hard error in the 2021 edition!
[INFO] [stdout]     = note: for more information, see issue #80165 <https://github.com/rust-lang/rust/issues/80165>
[INFO] [stdout] 
[INFO] [stdout] 
[INFO] [stdout] warning: use of deprecated associated function `core::str::<impl str>::slice_unchecked`: use `get_unchecked(begin..end)` instead
[INFO] [stdout]    --> src/tokenizer.rs:209:47
[INFO] [stdout]     |
[INFO] [stdout] 209 |             OwnedSlice::from_str(&self.source.slice_unchecked(start, self.index))
[INFO] [stdout]     |                                               ^^^^^^^^^^^^^^^
[INFO] [stdout]     |
[INFO] [stdout]     = note: `#[warn(deprecated)]` on by default
[INFO] [stdout] 
[INFO] [stdout] 
[INFO] [stdout] warning: use of deprecated associated function `core::str::<impl str>::slice_unchecked`: use `get_unchecked(begin..end)` instead
[INFO] [stdout]    --> src/tokenizer.rs:280:46
[INFO] [stdout]     |
[INFO] [stdout] 280 |             OwnedSlice::from_str(self.source.slice_unchecked(start, self.index))
[INFO] [stdout]     |                                              ^^^^^^^^^^^^^^^
[INFO] [stdout] 
[INFO] [stdout] 
[INFO] [stdout] warning: use of deprecated associated function `core::str::<impl str>::slice_unchecked`: use `get_unchecked(begin..end)` instead
[INFO] [stdout]    --> src/tokenizer.rs:361:25
[INFO] [stdout]     |
[INFO] [stdout] 361 |             self.source.slice_unchecked(start, self.index)
[INFO] [stdout]     |                         ^^^^^^^^^^^^^^^
[INFO] [stdout] 
[INFO] [stdout] 
[INFO] [stdout] warning: use of deprecated associated function `core::str::<impl str>::slice_unchecked`: use `get_unchecked(begin..end)` instead
[INFO] [stdout]    --> src/tokenizer.rs:584:41
[INFO] [stdout]     |
[INFO] [stdout] 584 | ...                   self.source.slice_unchecked(self.index, self.index + 2)
[INFO] [stdout]     |                                   ^^^^^^^^^^^^^^^
[INFO] [stdout] 
[INFO] [stdout] 
[INFO] [stdout] warning: 12 warnings emitted
[INFO] [stdout] 
[INFO] [stdout] 
[INFO] [stdout] warning: use of deprecated macro `RustcDecodable`: rustc-serialize is deprecated and no longer supported
[INFO] [stdout]   --> src/main.rs:59:17
[INFO] [stdout]    |
[INFO] [stdout] 59 | #[derive(Debug, RustcDecodable)]
[INFO] [stdout]    |                 ^^^^^^^^^^^^^^
[INFO] [stdout]    |
[INFO] [stdout]    = note: `#[warn(deprecated)]` on by default
[INFO] [stdout] 
[INFO] [stdout] 
[INFO] [stdout] warning: `...` range patterns are deprecated
[INFO] [stdout]    --> src/tokenizer.rs:240:21
[INFO] [stdout]     |
[INFO] [stdout] 240 |                 b'0'...b'7' => peek - b'0',
[INFO] [stdout]     |                     ^^^ help: use `..=` for an inclusive range
[INFO] [stdout]     |
[INFO] [stdout]     = note: `#[warn(ellipsis_inclusive_range_patterns)]` on by default
[INFO] [stdout]     = warning: this was previously accepted by the compiler but is being phased out; it will become a hard error in the 2021 edition!
[INFO] [stdout]     = note: for more information, see issue #80165 <https://github.com/rust-lang/rust/issues/80165>
[INFO] [stdout] 
[INFO] [stdout] 
[INFO] [stdout] warning: `...` range patterns are deprecated
[INFO] [stdout]    --> src/tokenizer.rs:257:21
[INFO] [stdout]     |
[INFO] [stdout] 257 |                 b'0'...b'9' => peek - b'0',
[INFO] [stdout]     |                     ^^^ help: use `..=` for an inclusive range
[INFO] [stdout]     |
[INFO] [stdout]     = warning: this was previously accepted by the compiler but is being phased out; it will become a hard error in the 2021 edition!
[INFO] [stdout]     = note: for more information, see issue #80165 <https://github.com/rust-lang/rust/issues/80165>
[INFO] [stdout] 
[INFO] [stdout] 
[INFO] [stdout] warning: `...` range patterns are deprecated
[INFO] [stdout]    --> src/tokenizer.rs:258:21
[INFO] [stdout]     |
[INFO] [stdout] 258 |                 b'a'...b'f' => peek - b'a' + 10,
[INFO] [stdout]     |                     ^^^ help: use `..=` for an inclusive range
[INFO] [stdout]     |
[INFO] [stdout]     = warning: this was previously accepted by the compiler but is being phased out; it will become a hard error in the 2021 edition!
[INFO] [stdout]     = note: for more information, see issue #80165 <https://github.com/rust-lang/rust/issues/80165>
[INFO] [stdout] 
[INFO] [stdout] 
[INFO] [stdout] warning: `...` range patterns are deprecated
[INFO] [stdout]    --> src/tokenizer.rs:259:21
[INFO] [stdout]     |
[INFO] [stdout] 259 |                 b'A'...b'F' => peek - b'A' + 10,
[INFO] [stdout]     |                     ^^^ help: use `..=` for an inclusive range
[INFO] [stdout]     |
[INFO] [stdout]     = warning: this was previously accepted by the compiler but is being phased out; it will become a hard error in the 2021 edition!
[INFO] [stdout]     = note: for more information, see issue #80165 <https://github.com/rust-lang/rust/issues/80165>
[INFO] [stdout] 
[INFO] [stdout] 
[INFO] [stdout] warning: `...` range patterns are deprecated
[INFO] [stdout]    --> src/tokenizer.rs:274:21
[INFO] [stdout]     |
[INFO] [stdout] 274 |                 b'0'...b'9' => self.bump(),
[INFO] [stdout]     |                     ^^^ help: use `..=` for an inclusive range
[INFO] [stdout]     |
[INFO] [stdout]     = warning: this was previously accepted by the compiler but is being phased out; it will become a hard error in the 2021 edition!
[INFO] [stdout]     = note: for more information, see issue #80165 <https://github.com/rust-lang/rust/issues/80165>
[INFO] [stdout] 
[INFO] [stdout] 
[INFO] [stdout] warning: `...` range patterns are deprecated
[INFO] [stdout]    --> src/tokenizer.rs:316:21
[INFO] [stdout]     |
[INFO] [stdout] 316 |                 b'0'...b'9' => {
[INFO] [stdout]     |                     ^^^ help: use `..=` for an inclusive range
[INFO] [stdout]     |
[INFO] [stdout]     = warning: this was previously accepted by the compiler but is being phased out; it will become a hard error in the 2021 edition!
[INFO] [stdout]     = note: for more information, see issue #80165 <https://github.com/rust-lang/rust/issues/80165>
[INFO] [stdout] 
[INFO] [stdout] 
[INFO] [stdout] warning: `...` range patterns are deprecated
[INFO] [stdout]    --> src/tokenizer.rs:547:33
[INFO] [stdout]     |
[INFO] [stdout] 547 | ...                   b'0'...b'9' => {
[INFO] [stdout]     |                           ^^^ help: use `..=` for an inclusive range
[INFO] [stdout]     |
[INFO] [stdout]     = warning: this was previously accepted by the compiler but is being phased out; it will become a hard error in the 2021 edition!
[INFO] [stdout]     = note: for more information, see issue #80165 <https://github.com/rust-lang/rust/issues/80165>
[INFO] [stdout] 
[INFO] [stdout] 
[INFO] [stdout] warning: `...` range patterns are deprecated
[INFO] [stdout]    --> src/tokenizer.rs:563:21
[INFO] [stdout]     |
[INFO] [stdout] 563 |                 b'0'...b'9' => Literal(self.read_number(ch)),
[INFO] [stdout]     |                     ^^^ help: use `..=` for an inclusive range
[INFO] [stdout]     |
[INFO] [stdout]     = warning: this was previously accepted by the compiler but is being phased out; it will become a hard error in the 2021 edition!
[INFO] [stdout]     = note: for more information, see issue #80165 <https://github.com/rust-lang/rust/issues/80165>
[INFO] [stdout] 
[INFO] [stdout] 
[INFO] [stdout] warning: use of deprecated macro `try`: use the `?` operator instead
[INFO] [stdout]   --> src/main.rs:43:17
[INFO] [stdout]    |
[INFO] [stdout] 43 |     let mut f = try!(File::open(path));
[INFO] [stdout]    |                 ^^^
[INFO] [stdout] 
[INFO] [stdout] 
[INFO] [stdout] warning: use of deprecated macro `try`: use the `?` operator instead
[INFO] [stdout]   --> src/main.rs:52:17
[INFO] [stdout]    |
[INFO] [stdout] 52 |     let mut f = try!(File::create(filename));
[INFO] [stdout]    |                 ^^^
[INFO] [stdout] 
[INFO] [stdout] 
[INFO] [stdout] warning: use of deprecated associated function `core::str::<impl str>::slice_unchecked`: use `get_unchecked(begin..end)` instead
[INFO] [stdout]    --> src/tokenizer.rs:209:47
[INFO] [stdout]     |
[INFO] [stdout] 209 |             OwnedSlice::from_str(&self.source.slice_unchecked(start, self.index))
[INFO] [stdout]     |                                               ^^^^^^^^^^^^^^^
[INFO] [stdout] 
[INFO] [stdout] 
[INFO] [stdout] warning: use of deprecated associated function `core::str::<impl str>::slice_unchecked`: use `get_unchecked(begin..end)` instead
[INFO] [stdout]    --> src/tokenizer.rs:280:46
[INFO] [stdout]     |
[INFO] [stdout] 280 |             OwnedSlice::from_str(self.source.slice_unchecked(start, self.index))
[INFO] [stdout]     |                                              ^^^^^^^^^^^^^^^
[INFO] [stdout] 
[INFO] [stdout] 
[INFO] [stdout] warning: use of deprecated associated function `core::str::<impl str>::slice_unchecked`: use `get_unchecked(begin..end)` instead
[INFO] [stdout]    --> src/tokenizer.rs:361:25
[INFO] [stdout]     |
[INFO] [stdout] 361 |             self.source.slice_unchecked(start, self.index)
[INFO] [stdout]     |                         ^^^^^^^^^^^^^^^
[INFO] [stdout] 
[INFO] [stdout] 
[INFO] [stdout] warning: use of deprecated associated function `core::str::<impl str>::slice_unchecked`: use `get_unchecked(begin..end)` instead
[INFO] [stdout]    --> src/tokenizer.rs:584:41
[INFO] [stdout]     |
[INFO] [stdout] 584 | ...                   self.source.slice_unchecked(self.index, self.index + 2)
[INFO] [stdout]     |                                   ^^^^^^^^^^^^^^^
[INFO] [stdout] 
[INFO] [stdout] 
[INFO] [stdout] warning: 15 warnings emitted
[INFO] [stdout] 
[INFO] [stdout] 
[INFO] [stderr]     Finished dev [unoptimized + debuginfo] target(s) in 7.59s
[INFO] running `Command { std: "docker" "inspect" "a6abdb6047c3c074769d41806fef87df2e0bc2aabf23c59c1a05e22ef55231fe", kill_on_drop: false }`
[INFO] running `Command { std: "docker" "rm" "-f" "a6abdb6047c3c074769d41806fef87df2e0bc2aabf23c59c1a05e22ef55231fe", kill_on_drop: false }`
[INFO] [stdout] a6abdb6047c3c074769d41806fef87df2e0bc2aabf23c59c1a05e22ef55231fe
[INFO] running `Command { std: "docker" "create" "-v" "/var/lib/crater-agent-workspace/builds/worker-3/target:/opt/rustwide/target:rw,Z" "-v" "/var/lib/crater-agent-workspace/builds/worker-3/source:/opt/rustwide/workdir:ro,Z" "-v" "/var/lib/crater-agent-workspace/cargo-home:/opt/rustwide/cargo-home:ro,Z" "-v" "/var/lib/crater-agent-workspace/rustup-home:/opt/rustwide/rustup-home:ro,Z" "-e" "SOURCE_DIR=/opt/rustwide/workdir" "-e" "CARGO_TARGET_DIR=/opt/rustwide/target" "-e" "CARGO_INCREMENTAL=0" "-e" "RUST_BACKTRACE=full" "-e" "RUSTFLAGS=--cap-lints=forbid" "-e" "CARGO_HOME=/opt/rustwide/cargo-home" "-e" "RUSTUP_HOME=/opt/rustwide/rustup-home" "-w" "/opt/rustwide/workdir" "-m" "1610612736" "--user" "0:0" "--network" "none" "ghcr.io/rust-lang/crates-build-env/linux@sha256:20528e8c29e4536546f0102ce88568b16ea7538393a33fcca951030f7af10457" "/opt/rustwide/cargo-home/bin/cargo" "+881c1ac408d93bb7adaa3a51dabab9266e82eee8" "test" "--frozen" "--no-run" "--message-format=json", kill_on_drop: false }`
[INFO] [stdout] 7602678bb655f9cc1ab17d30186dd30e20de7bf0943590e0778f89d3281c66a3
[INFO] [stderr] WARNING: Your kernel does not support swap limit capabilities or the cgroup is not mounted. Memory limited without swap.
[INFO] running `Command { std: "docker" "start" "-a" "7602678bb655f9cc1ab17d30186dd30e20de7bf0943590e0778f89d3281c66a3", kill_on_drop: false }`
[INFO] [stderr]    Compiling badger v0.2.1 (/opt/rustwide/workdir)
[INFO] [stdout] warning: `...` range patterns are deprecated
[INFO] [stdout]    --> src/tokenizer.rs:240:21
[INFO] [stdout]     |
[INFO] [stdout] 240 |                 b'0'...b'7' => peek - b'0',
[INFO] [stdout]     |                     ^^^ help: use `..=` for an inclusive range
[INFO] [stdout]     |
[INFO] [stdout]     = note: `#[warn(ellipsis_inclusive_range_patterns)]` on by default
[INFO] [stdout]     = warning: this was previously accepted by the compiler but is being phased out; it will become a hard error in the 2021 edition!
[INFO] [stdout]     = note: for more information, see issue #80165 <https://github.com/rust-lang/rust/issues/80165>
[INFO] [stdout] 
[INFO] [stdout] 
[INFO] [stdout] warning: `...` range patterns are deprecated
[INFO] [stdout]    --> src/tokenizer.rs:257:21
[INFO] [stdout]     |
[INFO] [stdout] 257 |                 b'0'...b'9' => peek - b'0',
[INFO] [stdout]     |                     ^^^ help: use `..=` for an inclusive range
[INFO] [stdout]     |
[INFO] [stdout]     = warning: this was previously accepted by the compiler but is being phased out; it will become a hard error in the 2021 edition!
[INFO] [stdout]     = note: for more information, see issue #80165 <https://github.com/rust-lang/rust/issues/80165>
[INFO] [stdout] 
[INFO] [stdout] 
[INFO] [stdout] warning: `...` range patterns are deprecated
[INFO] [stdout]    --> src/tokenizer.rs:258:21
[INFO] [stdout]     |
[INFO] [stdout] 258 |                 b'a'...b'f' => peek - b'a' + 10,
[INFO] [stdout]     |                     ^^^ help: use `..=` for an inclusive range
[INFO] [stdout]     |
[INFO] [stdout]     = warning: this was previously accepted by the compiler but is being phased out; it will become a hard error in the 2021 edition!
[INFO] [stdout]     = note: for more information, see issue #80165 <https://github.com/rust-lang/rust/issues/80165>
[INFO] [stdout] 
[INFO] [stdout] 
[INFO] [stdout] warning: `...` range patterns are deprecated
[INFO] [stdout]    --> src/tokenizer.rs:259:21
[INFO] [stdout]     |
[INFO] [stdout] 259 |                 b'A'...b'F' => peek - b'A' + 10,
[INFO] [stdout]     |                     ^^^ help: use `..=` for an inclusive range
[INFO] [stdout]     |
[INFO] [stdout]     = warning: this was previously accepted by the compiler but is being phased out; it will become a hard error in the 2021 edition!
[INFO] [stdout]     = note: for more information, see issue #80165 <https://github.com/rust-lang/rust/issues/80165>
[INFO] [stdout] 
[INFO] [stdout] 
[INFO] [stdout] warning: `...` range patterns are deprecated
[INFO] [stdout]    --> src/tokenizer.rs:274:21
[INFO] [stdout]     |
[INFO] [stdout] 274 |                 b'0'...b'9' => self.bump(),
[INFO] [stdout]     |                     ^^^ help: use `..=` for an inclusive range
[INFO] [stdout]     |
[INFO] [stdout]     = warning: this was previously accepted by the compiler but is being phased out; it will become a hard error in the 2021 edition!
[INFO] [stdout]     = note: for more information, see issue #80165 <https://github.com/rust-lang/rust/issues/80165>
[INFO] [stdout] 
[INFO] [stdout] 
[INFO] [stdout] warning: `...` range patterns are deprecated
[INFO] [stdout]    --> src/tokenizer.rs:316:21
[INFO] [stdout]     |
[INFO] [stdout] 316 |                 b'0'...b'9' => {
[INFO] [stdout]     |                     ^^^ help: use `..=` for an inclusive range
[INFO] [stdout]     |
[INFO] [stdout]     = warning: this was previously accepted by the compiler but is being phased out; it will become a hard error in the 2021 edition!
[INFO] [stdout]     = note: for more information, see issue #80165 <https://github.com/rust-lang/rust/issues/80165>
[INFO] [stdout] 
[INFO] [stdout] 
[INFO] [stdout] warning: `...` range patterns are deprecated
[INFO] [stdout]    --> src/tokenizer.rs:547:33
[INFO] [stdout]     |
[INFO] [stdout] 547 | ...                   b'0'...b'9' => {
[INFO] [stdout]     |                           ^^^ help: use `..=` for an inclusive range
[INFO] [stdout]     |
[INFO] [stdout]     = warning: this was previously accepted by the compiler but is being phased out; it will become a hard error in the 2021 edition!
[INFO] [stdout]     = note: for more information, see issue #80165 <https://github.com/rust-lang/rust/issues/80165>
[INFO] [stdout] 
[INFO] [stdout] 
[INFO] [stdout] warning: `...` range patterns are deprecated
[INFO] [stdout]    --> src/tokenizer.rs:563:21
[INFO] [stdout]     |
[INFO] [stdout] 563 |                 b'0'...b'9' => Literal(self.read_number(ch)),
[INFO] [stdout]     |                     ^^^ help: use `..=` for an inclusive range
[INFO] [stdout]     |
[INFO] [stdout]     = warning: this was previously accepted by the compiler but is being phased out; it will become a hard error in the 2021 edition!
[INFO] [stdout]     = note: for more information, see issue #80165 <https://github.com/rust-lang/rust/issues/80165>
[INFO] [stdout] 
[INFO] [stdout] 
[INFO] [stdout] warning: use of deprecated associated function `core::str::<impl str>::slice_unchecked`: use `get_unchecked(begin..end)` instead
[INFO] [stdout]    --> src/tokenizer.rs:209:47
[INFO] [stdout]     |
[INFO] [stdout] 209 |             OwnedSlice::from_str(&self.source.slice_unchecked(start, self.index))
[INFO] [stdout]     |                                               ^^^^^^^^^^^^^^^
[INFO] [stdout]     |
[INFO] [stdout]     = note: `#[warn(deprecated)]` on by default
[INFO] [stdout] 
[INFO] [stdout] 
[INFO] [stdout] warning: use of deprecated associated function `core::str::<impl str>::slice_unchecked`: use `get_unchecked(begin..end)` instead
[INFO] [stdout]    --> src/tokenizer.rs:280:46
[INFO] [stdout]     |
[INFO] [stdout] 280 |             OwnedSlice::from_str(self.source.slice_unchecked(start, self.index))
[INFO] [stdout]     |                                              ^^^^^^^^^^^^^^^
[INFO] [stdout] 
[INFO] [stdout] 
[INFO] [stdout] warning: use of deprecated associated function `core::str::<impl str>::slice_unchecked`: use `get_unchecked(begin..end)` instead
[INFO] [stdout]    --> src/tokenizer.rs:361:25
[INFO] [stdout]     |
[INFO] [stdout] 361 |             self.source.slice_unchecked(start, self.index)
[INFO] [stdout]     |                         ^^^^^^^^^^^^^^^
[INFO] [stdout] 
[INFO] [stdout] 
[INFO] [stdout] warning: use of deprecated associated function `core::str::<impl str>::slice_unchecked`: use `get_unchecked(begin..end)` instead
[INFO] [stdout]    --> src/tokenizer.rs:584:41
[INFO] [stdout]     |
[INFO] [stdout] 584 | ...                   self.source.slice_unchecked(self.index, self.index + 2)
[INFO] [stdout]     |                                   ^^^^^^^^^^^^^^^
[INFO] [stdout] 
[INFO] [stdout] 
[INFO] [stdout] warning: 12 warnings emitted
[INFO] [stdout] 
[INFO] [stdout] 
[INFO] [stdout] warning: use of deprecated macro `RustcDecodable`: rustc-serialize is deprecated and no longer supported
[INFO] [stdout]   --> src/main.rs:59:17
[INFO] [stdout]    |
[INFO] [stdout] 59 | #[derive(Debug, RustcDecodable)]
[INFO] [stdout]    |                 ^^^^^^^^^^^^^^
[INFO] [stdout]    |
[INFO] [stdout]    = note: `#[warn(deprecated)]` on by default
[INFO] [stdout] 
[INFO] [stdout] 
[INFO] [stdout] warning: `...` range patterns are deprecated
[INFO] [stdout]    --> src/tokenizer.rs:240:21
[INFO] [stdout]     |
[INFO] [stdout] 240 |                 b'0'...b'7' => peek - b'0',
[INFO] [stdout]     |                     ^^^ help: use `..=` for an inclusive range
[INFO] [stdout]     |
[INFO] [stdout]     = note: `#[warn(ellipsis_inclusive_range_patterns)]` on by default
[INFO] [stdout]     = warning: this was previously accepted by the compiler but is being phased out; it will become a hard error in the 2021 edition!
[INFO] [stdout]     = note: for more information, see issue #80165 <https://github.com/rust-lang/rust/issues/80165>
[INFO] [stdout] 
[INFO] [stdout] 
[INFO] [stdout] warning: `...` range patterns are deprecated
[INFO] [stdout]    --> src/tokenizer.rs:257:21
[INFO] [stdout]     |
[INFO] [stdout] 257 |                 b'0'...b'9' => peek - b'0',
[INFO] [stdout]     |                     ^^^ help: use `..=` for an inclusive range
[INFO] [stdout]     |
[INFO] [stdout]     = warning: this was previously accepted by the compiler but is being phased out; it will become a hard error in the 2021 edition!
[INFO] [stdout]     = note: for more information, see issue #80165 <https://github.com/rust-lang/rust/issues/80165>
[INFO] [stdout] 
[INFO] [stdout] 
[INFO] [stdout] warning: `...` range patterns are deprecated
[INFO] [stdout]    --> src/tokenizer.rs:258:21
[INFO] [stdout]     |
[INFO] [stdout] 258 |                 b'a'...b'f' => peek - b'a' + 10,
[INFO] [stdout]     |                     ^^^ help: use `..=` for an inclusive range
[INFO] [stdout]     |
[INFO] [stdout]     = warning: this was previously accepted by the compiler but is being phased out; it will become a hard error in the 2021 edition!
[INFO] [stdout]     = note: for more information, see issue #80165 <https://github.com/rust-lang/rust/issues/80165>
[INFO] [stdout] 
[INFO] [stdout] 
[INFO] [stdout] warning: `...` range patterns are deprecated
[INFO] [stdout]    --> src/tokenizer.rs:259:21
[INFO] [stdout]     |
[INFO] [stdout] 259 |                 b'A'...b'F' => peek - b'A' + 10,
[INFO] [stdout]     |                     ^^^ help: use `..=` for an inclusive range
[INFO] [stdout]     |
[INFO] [stdout]     = warning: this was previously accepted by the compiler but is being phased out; it will become a hard error in the 2021 edition!
[INFO] [stdout]     = note: for more information, see issue #80165 <https://github.com/rust-lang/rust/issues/80165>
[INFO] [stdout] 
[INFO] [stdout] 
[INFO] [stdout] warning: `...` range patterns are deprecated
[INFO] [stdout]    --> src/tokenizer.rs:274:21
[INFO] [stdout]     |
[INFO] [stdout] 274 |                 b'0'...b'9' => self.bump(),
[INFO] [stdout]     |                     ^^^ help: use `..=` for an inclusive range
[INFO] [stdout]     |
[INFO] [stdout]     = warning: this was previously accepted by the compiler but is being phased out; it will become a hard error in the 2021 edition!
[INFO] [stdout]     = note: for more information, see issue #80165 <https://github.com/rust-lang/rust/issues/80165>
[INFO] [stdout] 
[INFO] [stdout] 
[INFO] [stdout] warning: `...` range patterns are deprecated
[INFO] [stdout]    --> src/tokenizer.rs:316:21
[INFO] [stdout]     |
[INFO] [stdout] 316 |                 b'0'...b'9' => {
[INFO] [stdout]     |                     ^^^ help: use `..=` for an inclusive range
[INFO] [stdout]     |
[INFO] [stdout]     = warning: this was previously accepted by the compiler but is being phased out; it will become a hard error in the 2021 edition!
[INFO] [stdout]     = note: for more information, see issue #80165 <https://github.com/rust-lang/rust/issues/80165>
[INFO] [stdout] 
[INFO] [stdout] 
[INFO] [stdout] warning: `...` range patterns are deprecated
[INFO] [stdout]    --> src/tokenizer.rs:547:33
[INFO] [stdout]     |
[INFO] [stdout] 547 | ...                   b'0'...b'9' => {
[INFO] [stdout]     |                           ^^^ help: use `..=` for an inclusive range
[INFO] [stdout]     |
[INFO] [stdout]     = warning: this was previously accepted by the compiler but is being phased out; it will become a hard error in the 2021 edition!
[INFO] [stdout]     = note: for more information, see issue #80165 <https://github.com/rust-lang/rust/issues/80165>
[INFO] [stdout] 
[INFO] [stdout] 
[INFO] [stdout] warning: `...` range patterns are deprecated
[INFO] [stdout]    --> src/tokenizer.rs:563:21
[INFO] [stdout]     |
[INFO] [stdout] 563 |                 b'0'...b'9' => Literal(self.read_number(ch)),
[INFO] [stdout]     |                     ^^^ help: use `..=` for an inclusive range
[INFO] [stdout]     |
[INFO] [stdout]     = warning: this was previously accepted by the compiler but is being phased out; it will become a hard error in the 2021 edition!
[INFO] [stdout]     = note: for more information, see issue #80165 <https://github.com/rust-lang/rust/issues/80165>
[INFO] [stdout] 
[INFO] [stdout] 
[INFO] [stdout] warning: use of deprecated macro `try`: use the `?` operator instead
[INFO] [stdout]   --> src/main.rs:43:17
[INFO] [stdout]    |
[INFO] [stdout] 43 |     let mut f = try!(File::open(path));
[INFO] [stdout]    |                 ^^^
[INFO] [stdout] 
[INFO] [stdout] 
[INFO] [stdout] warning: use of deprecated macro `try`: use the `?` operator instead
[INFO] [stdout]   --> src/main.rs:52:17
[INFO] [stdout]    |
[INFO] [stdout] 52 |     let mut f = try!(File::create(filename));
[INFO] [stdout]    |                 ^^^
[INFO] [stdout] 
[INFO] [stdout] 
[INFO] [stdout] warning: use of deprecated associated function `core::str::<impl str>::slice_unchecked`: use `get_unchecked(begin..end)` instead
[INFO] [stdout]    --> src/tokenizer.rs:209:47
[INFO] [stdout]     |
[INFO] [stdout] 209 |             OwnedSlice::from_str(&self.source.slice_unchecked(start, self.index))
[INFO] [stdout]     |                                               ^^^^^^^^^^^^^^^
[INFO] [stdout] 
[INFO] [stdout] 
[INFO] [stdout] warning: use of deprecated associated function `core::str::<impl str>::slice_unchecked`: use `get_unchecked(begin..end)` instead
[INFO] [stdout]    --> src/tokenizer.rs:280:46
[INFO] [stdout]     |
[INFO] [stdout] 280 |             OwnedSlice::from_str(self.source.slice_unchecked(start, self.index))
[INFO] [stdout]     |                                              ^^^^^^^^^^^^^^^
[INFO] [stdout] 
[INFO] [stdout] 
[INFO] [stdout] warning: use of deprecated associated function `core::str::<impl str>::slice_unchecked`: use `get_unchecked(begin..end)` instead
[INFO] [stdout]    --> src/tokenizer.rs:361:25
[INFO] [stdout]     |
[INFO] [stdout] 361 |             self.source.slice_unchecked(start, self.index)
[INFO] [stdout]     |                         ^^^^^^^^^^^^^^^
[INFO] [stdout] 
[INFO] [stdout] 
[INFO] [stdout] warning: use of deprecated associated function `core::str::<impl str>::slice_unchecked`: use `get_unchecked(begin..end)` instead
[INFO] [stdout]    --> src/tokenizer.rs:584:41
[INFO] [stdout]     |
[INFO] [stdout] 584 | ...                   self.source.slice_unchecked(self.index, self.index + 2)
[INFO] [stdout]     |                                   ^^^^^^^^^^^^^^^
[INFO] [stdout] 
[INFO] [stdout] 
[INFO] [stdout] warning: 15 warnings emitted
[INFO] [stdout] 
[INFO] [stdout] 
[INFO] [stdout] error[E0433]: failed to resolve: use of undeclared type `MemberKey`
[INFO] [stdout]    --> tests/lib.rs:729:28
[INFO] [stdout]     |
[INFO] [stdout] 729 |         property: Box::new(MemberKey::Computed(
[INFO] [stdout]     |                            ^^^^^^^^^ use of undeclared type `MemberKey`
[INFO] [stdout] 
[INFO] [stdout] 
[INFO] [stdout] warning: `...` range patterns are deprecated
[INFO] [stdout]    --> src/tokenizer.rs:240:21
[INFO] [stdout]     |
[INFO] [stdout] 240 |                 b'0'...b'7' => peek - b'0',
[INFO] [stdout]     |                     ^^^ help: use `..=` for an inclusive range
[INFO] [stdout]     |
[INFO] [stdout]     = note: `#[warn(ellipsis_inclusive_range_patterns)]` on by default
[INFO] [stdout]     = warning: this was previously accepted by the compiler but is being phased out; it will become a hard error in the 2021 edition!
[INFO] [stdout]     = note: for more information, see issue #80165 <https://github.com/rust-lang/rust/issues/80165>
[INFO] [stdout] 
[INFO] [stdout] 
[INFO] [stdout] warning: `...` range patterns are deprecated
[INFO] [stdout]    --> src/tokenizer.rs:257:21
[INFO] [stdout]     |
[INFO] [stdout] 257 |                 b'0'...b'9' => peek - b'0',
[INFO] [stdout]     |                     ^^^ help: use `..=` for an inclusive range
[INFO] [stdout]     |
[INFO] [stdout]     = warning: this was previously accepted by the compiler but is being phased out; it will become a hard error in the 2021 edition!
[INFO] [stdout]     = note: for more information, see issue #80165 <https://github.com/rust-lang/rust/issues/80165>
[INFO] [stdout] 
[INFO] [stdout] 
[INFO] [stdout] warning: `...` range patterns are deprecated
[INFO] [stdout]    --> src/tokenizer.rs:258:21
[INFO] [stdout]     |
[INFO] [stdout] 258 |                 b'a'...b'f' => peek - b'a' + 10,
[INFO] [stdout]     |                     ^^^ help: use `..=` for an inclusive range
[INFO] [stdout]     |
[INFO] [stdout]     = warning: this was previously accepted by the compiler but is being phased out; it will become a hard error in the 2021 edition!
[INFO] [stdout]     = note: for more information, see issue #80165 <https://github.com/rust-lang/rust/issues/80165>
[INFO] [stdout] 
[INFO] [stdout] 
[INFO] [stdout] warning: `...` range patterns are deprecated
[INFO] [stdout]    --> src/tokenizer.rs:259:21
[INFO] [stdout]     |
[INFO] [stdout] 259 |                 b'A'...b'F' => peek - b'A' + 10,
[INFO] [stdout]     |                     ^^^ help: use `..=` for an inclusive range
[INFO] [stdout]     |
[INFO] [stdout]     = warning: this was previously accepted by the compiler but is being phased out; it will become a hard error in the 2021 edition!
[INFO] [stdout]     = note: for more information, see issue #80165 <https://github.com/rust-lang/rust/issues/80165>
[INFO] [stdout] 
[INFO] [stdout] 
[INFO] [stdout] warning: `...` range patterns are deprecated
[INFO] [stdout]    --> src/tokenizer.rs:274:21
[INFO] [stdout]     |
[INFO] [stdout] 274 |                 b'0'...b'9' => self.bump(),
[INFO] [stdout]     |                     ^^^ help: use `..=` for an inclusive range
[INFO] [stdout]     |
[INFO] [stdout]     = warning: this was previously accepted by the compiler but is being phased out; it will become a hard error in the 2021 edition!
[INFO] [stdout]     = note: for more information, see issue #80165 <https://github.com/rust-lang/rust/issues/80165>
[INFO] [stdout] 
[INFO] [stdout] 
[INFO] [stdout] warning: `...` range patterns are deprecated
[INFO] [stdout]    --> src/tokenizer.rs:316:21
[INFO] [stdout]     |
[INFO] [stdout] 316 |                 b'0'...b'9' => {
[INFO] [stdout]     |                     ^^^ help: use `..=` for an inclusive range
[INFO] [stdout]     |
[INFO] [stdout]     = warning: this was previously accepted by the compiler but is being phased out; it will become a hard error in the 2021 edition!
[INFO] [stdout]     = note: for more information, see issue #80165 <https://github.com/rust-lang/rust/issues/80165>
[INFO] [stdout] 
[INFO] [stdout] 
[INFO] [stdout] warning: `...` range patterns are deprecated
[INFO] [stdout]    --> src/tokenizer.rs:547:33
[INFO] [stdout]     |
[INFO] [stdout] 547 | ...                   b'0'...b'9' => {
[INFO] [stdout]     |                           ^^^ help: use `..=` for an inclusive range
[INFO] [stdout]     |
[INFO] [stdout]     = warning: this was previously accepted by the compiler but is being phased out; it will become a hard error in the 2021 edition!
[INFO] [stdout]     = note: for more information, see issue #80165 <https://github.com/rust-lang/rust/issues/80165>
[INFO] [stdout] 
[INFO] [stdout] 
[INFO] [stdout] warning: `...` range patterns are deprecated
[INFO] [stdout]    --> src/tokenizer.rs:563:21
[INFO] [stdout]     |
[INFO] [stdout] 563 |                 b'0'...b'9' => Literal(self.read_number(ch)),
[INFO] [stdout]     |                     ^^^ help: use `..=` for an inclusive range
[INFO] [stdout]     |
[INFO] [stdout]     = warning: this was previously accepted by the compiler but is being phased out; it will become a hard error in the 2021 edition!
[INFO] [stdout]     = note: for more information, see issue #80165 <https://github.com/rust-lang/rust/issues/80165>
[INFO] [stdout] 
[INFO] [stdout] 
[INFO] [stdout] warning: use of deprecated associated function `core::str::<impl str>::slice_unchecked`: use `get_unchecked(begin..end)` instead
[INFO] [stdout]    --> src/tokenizer.rs:209:47
[INFO] [stdout]     |
[INFO] [stdout] 209 |             OwnedSlice::from_str(&self.source.slice_unchecked(start, self.index))
[INFO] [stdout]     |                                               ^^^^^^^^^^^^^^^
[INFO] [stdout]     |
[INFO] [stdout]     = note: `#[warn(deprecated)]` on by default
[INFO] [stdout] 
[INFO] [stdout] 
[INFO] [stdout] warning: use of deprecated macro `RustcDecodable`: rustc-serialize is deprecated and no longer supported
[INFO] [stdout]   --> src/main.rs:59:17
[INFO] [stdout]    |
[INFO] [stdout] 59 | #[derive(Debug, RustcDecodable)]
[INFO] [stdout]    |                 ^^^^^^^^^^^^^^
[INFO] [stdout]    |
[INFO] [stdout]    = note: `#[warn(deprecated)]` on by default
[INFO] [stdout] 
[INFO] [stdout] 
[INFO] [stdout] warning: `...` range patterns are deprecated
[INFO] [stdout]    --> src/tokenizer.rs:240:21
[INFO] [stdout]     |
[INFO] [stdout] 240 |                 b'0'...b'7' => peek - b'0',
[INFO] [stdout]     |                     ^^^ help: use `..=` for an inclusive range
[INFO] [stdout]     |
[INFO] [stdout]     = note: `#[warn(ellipsis_inclusive_range_patterns)]` on by default
[INFO] [stdout]     = warning: this was previously accepted by the compiler but is being phased out; it will become a hard error in the 2021 edition!
[INFO] [stdout]     = note: for more information, see issue #80165 <https://github.com/rust-lang/rust/issues/80165>
[INFO] [stdout] 
[INFO] [stdout] 
[INFO] [stdout] warning: `...` range patterns are deprecated
[INFO] [stdout]    --> src/tokenizer.rs:257:21
[INFO] [stdout]     |
[INFO] [stdout] 257 |                 b'0'...b'9' => peek - b'0',
[INFO] [stdout]     |                     ^^^ help: use `..=` for an inclusive range
[INFO] [stdout]     |
[INFO] [stdout]     = warning: this was previously accepted by the compiler but is being phased out; it will become a hard error in the 2021 edition!
[INFO] [stdout]     = note: for more information, see issue #80165 <https://github.com/rust-lang/rust/issues/80165>
[INFO] [stdout] 
[INFO] [stdout] 
[INFO] [stdout] warning: `...` range patterns are deprecated
[INFO] [stdout]    --> src/tokenizer.rs:258:21
[INFO] [stdout]     |
[INFO] [stdout] 258 |                 b'a'...b'f' => peek - b'a' + 10,
[INFO] [stdout]     |                     ^^^ help: use `..=` for an inclusive range
[INFO] [stdout]     |
[INFO] [stdout]     = warning: this was previously accepted by the compiler but is being phased out; it will become a hard error in the 2021 edition!
[INFO] [stdout]     = note: for more information, see issue #80165 <https://github.com/rust-lang/rust/issues/80165>
[INFO] [stdout] 
[INFO] [stdout] 
[INFO] [stdout] warning: `...` range patterns are deprecated
[INFO] [stdout]    --> src/tokenizer.rs:259:21
[INFO] [stdout]     |
[INFO] [stdout] 259 |                 b'A'...b'F' => peek - b'A' + 10,
[INFO] [stdout]     |                     ^^^ help: use `..=` for an inclusive range
[INFO] [stdout]     |
[INFO] [stdout]     = warning: this was previously accepted by the compiler but is being phased out; it will become a hard error in the 2021 edition!
[INFO] [stdout]     = note: for more information, see issue #80165 <https://github.com/rust-lang/rust/issues/80165>
[INFO] [stdout] 
[INFO] [stdout] 
[INFO] [stdout] warning: `...` range patterns are deprecated
[INFO] [stdout]    --> src/tokenizer.rs:274:21
[INFO] [stdout]     |
[INFO] [stdout] 274 |                 b'0'...b'9' => self.bump(),
[INFO] [stdout]     |                     ^^^ help: use `..=` for an inclusive range
[INFO] [stdout]     |
[INFO] [stdout]     = warning: this was previously accepted by the compiler but is being phased out; it will become a hard error in the 2021 edition!
[INFO] [stdout]     = note: for more information, see issue #80165 <https://github.com/rust-lang/rust/issues/80165>
[INFO] [stdout] 
[INFO] [stdout] 
[INFO] [stdout] warning: `...` range patterns are deprecated
[INFO] [stdout]    --> src/tokenizer.rs:316:21
[INFO] [stdout]     |
[INFO] [stdout] 316 |                 b'0'...b'9' => {
[INFO] [stdout]     |                     ^^^ help: use `..=` for an inclusive range
[INFO] [stdout]     |
[INFO] [stdout]     = warning: this was previously accepted by the compiler but is being phased out; it will become a hard error in the 2021 edition!
[INFO] [stdout]     = note: for more information, see issue #80165 <https://github.com/rust-lang/rust/issues/80165>
[INFO] [stdout] 
[INFO] [stdout] 
[INFO] [stdout] warning: `...` range patterns are deprecated
[INFO] [stdout]    --> src/tokenizer.rs:547:33
[INFO] [stdout]     |
[INFO] [stdout] 547 | ...                   b'0'...b'9' => {
[INFO] [stdout]     |                           ^^^ help: use `..=` for an inclusive range
[INFO] [stdout]     |
[INFO] [stdout]     = warning: this was previously accepted by the compiler but is being phased out; it will become a hard error in the 2021 edition!
[INFO] [stdout]     = note: for more information, see issue #80165 <https://github.com/rust-lang/rust/issues/80165>
[INFO] [stdout] 
[INFO] [stdout] 
[INFO] [stdout] warning: `...` range patterns are deprecated
[INFO] [stdout]    --> src/tokenizer.rs:563:21
[INFO] [stdout]     |
[INFO] [stdout] 563 |                 b'0'...b'9' => Literal(self.read_number(ch)),
[INFO] [stdout]     |                     ^^^ help: use `..=` for an inclusive range
[INFO] [stdout]     |
[INFO] [stdout]     = warning: this was previously accepted by the compiler but is being phased out; it will become a hard error in the 2021 edition!
[INFO] [stdout]     = note: for more information, see issue #80165 <https://github.com/rust-lang/rust/issues/80165>
[INFO] [stdout] 
[INFO] [stdout] 
[INFO] [stdout] warning: use of deprecated macro `try`: use the `?` operator instead
[INFO] [stdout]   --> src/main.rs:43:17
[INFO] [stdout]    |
[INFO] [stdout] 43 |     let mut f = try!(File::open(path));
[INFO] [stdout]    |                 ^^^
[INFO] [stdout] 
[INFO] [stdout] 
[INFO] [stdout] warning: use of deprecated macro `try`: use the `?` operator instead
[INFO] [stdout]   --> src/main.rs:52:17
[INFO] [stdout]    |
[INFO] [stdout] 52 |     let mut f = try!(File::create(filename));
[INFO] [stdout]    |                 ^^^
[INFO] [stdout] 
[INFO] [stdout] 
[INFO] [stdout] warning: use of deprecated associated function `core::str::<impl str>::slice_unchecked`: use `get_unchecked(begin..end)` instead
[INFO] [stdout]    --> src/tokenizer.rs:280:46
[INFO] [stdout]     |
[INFO] [stdout] 280 |             OwnedSlice::from_str(self.source.slice_unchecked(start, self.index))
[INFO] [stdout]     |                                              ^^^^^^^^^^^^^^^
[INFO] [stdout] 
[INFO] [stdout] 
[INFO] [stdout] warning: use of deprecated associated function `core::str::<impl str>::slice_unchecked`: use `get_unchecked(begin..end)` instead
[INFO] [stdout]    --> src/tokenizer.rs:361:25
[INFO] [stdout]     |
[INFO] [stdout] 361 |             self.source.slice_unchecked(start, self.index)
[INFO] [stdout]     |                         ^^^^^^^^^^^^^^^
[INFO] [stdout] 
[INFO] [stdout] 
[INFO] [stdout] warning: use of deprecated associated function `core::str::<impl str>::slice_unchecked`: use `get_unchecked(begin..end)` instead
[INFO] [stdout]    --> src/tokenizer.rs:584:41
[INFO] [stdout]     |
[INFO] [stdout] 584 | ...                   self.source.slice_unchecked(self.index, self.index + 2)
[INFO] [stdout]     |                                   ^^^^^^^^^^^^^^^
[INFO] [stdout] 
[INFO] [stdout] 
[INFO] [stdout] error[E0308]: mismatched types
[INFO] [stdout]   --> tests/lib.rs:55:16
[INFO] [stdout]    |
[INFO] [stdout] 55 |         label: "foo".to_string(),
[INFO] [stdout]    |                ^^^^^^^^^^^^^^^^^ expected struct `OwnedSlice`, found struct `String`
[INFO] [stdout] 
[INFO] [stdout] 
[INFO] [stdout] error[E0308]: mismatched types
[INFO] [stdout]   --> tests/lib.rs:72:21
[INFO] [stdout]    |
[INFO] [stdout] 72 |         label: Some("foo".to_string())
[INFO] [stdout]    |                     ^^^^^^^^^^^^^^^^^ expected struct `OwnedSlice`, found struct `String`
[INFO] [stdout] 
[INFO] [stdout] 
[INFO] [stdout] error[E0308]: mismatched types
[INFO] [stdout]   --> tests/lib.rs:36:45
[INFO] [stdout]    |
[INFO] [stdout] 36 |     ($name:expr) => (Expression::Identifier($name.to_string()))
[INFO] [stdout]    |                                             ^^^^^^^^^^^^^^^^^ expected struct `OwnedSlice`, found struct `String`
[INFO] [stdout] ...
[INFO] [stdout] 87 |         Statement::Expression { value: ident!("foo") }
[INFO] [stdout]    |                                        ------------- in this macro invocation
[INFO] [stdout]    |
[INFO] [stdout]    = note: this error originates in a macro (in Nightly builds, run with -Z macro-backtrace for more info)
[INFO] [stdout] 
[INFO] [stdout] 
[INFO] [stdout] warning: use of deprecated associated function `core::str::<impl str>::slice_unchecked`: use `get_unchecked(begin..end)` instead
[INFO] [stdout]    --> src/tokenizer.rs:209:47
[INFO] [stdout]     |
[INFO] [stdout] 209 |             OwnedSlice::from_str(&self.source.slice_unchecked(start, self.index))
[INFO] [stdout]     |                                               ^^^^^^^^^^^^^^^
[INFO] [stdout] 
[INFO] [stdout] 
[INFO] [stdout] error[E0308]: mismatched types
[INFO] [stdout]    --> tests/lib.rs:36:45
[INFO] [stdout]     |
[INFO] [stdout] 36  |     ($name:expr) => (Expression::Identifier($name.to_string()))
[INFO] [stdout]     |                                             ^^^^^^^^^^^^^^^^^ expected struct `OwnedSlice`, found struct `String`
[INFO] [stdout] ...
[INFO] [stdout] 101 |         value: Some(ident!("foo")),
[INFO] [stdout]     |                     ------------- in this macro invocation
[INFO] [stdout]     |
[INFO] [stdout]     = note: this error originates in a macro (in Nightly builds, run with -Z macro-backtrace for more info)
[INFO] [stdout] 
[INFO] [stdout] 
[INFO] [stdout] warning: use of deprecated associated function `core::str::<impl str>::slice_unchecked`: use `get_unchecked(begin..end)` instead
[INFO] [stdout]    --> src/tokenizer.rs:280:46
[INFO] [stdout]     |
[INFO] [stdout] 280 |             OwnedSlice::from_str(self.source.slice_unchecked(start, self.index))
[INFO] [stdout]     |                                              ^^^^^^^^^^^^^^^
[INFO] [stdout] 
[INFO] [stdout] 
[INFO] [stdout] warning: use of deprecated associated function `core::str::<impl str>::slice_unchecked`: use `get_unchecked(begin..end)` instead
[INFO] [stdout]    --> src/tokenizer.rs:361:25
[INFO] [stdout]     |
[INFO] [stdout] 361 |             self.source.slice_unchecked(start, self.index)
[INFO] [stdout]     |                         ^^^^^^^^^^^^^^^
[INFO] [stdout] 
[INFO] [stdout] 
[INFO] [stdout] warning: use of deprecated associated function `core::str::<impl str>::slice_unchecked`: use `get_unchecked(begin..end)` instead
[INFO] [stdout]    --> src/tokenizer.rs:584:41
[INFO] [stdout]     |
[INFO] [stdout] 584 | ...                   self.source.slice_unchecked(self.index, self.index + 2)
[INFO] [stdout]     |                                   ^^^^^^^^^^^^^^^
[INFO] [stdout] 
[INFO] [stdout] 
[INFO] [stdout] error[E0308]: mismatched types
[INFO] [stdout]    --> tests/lib.rs:109:18
[INFO] [stdout]     |
[INFO] [stdout] 109 |             num!(1.0),
[INFO] [stdout]     |                  ^^^ expected struct `OwnedSlice`, found floating-point number
[INFO] [stdout] 
[INFO] [stdout] 
[INFO] [stdout] error[E0308]: mismatched types
[INFO] [stdout]    --> tests/lib.rs:110:18
[INFO] [stdout]     |
[INFO] [stdout] 110 |             num!(2.0),
[INFO] [stdout]     |                  ^^^ expected struct `OwnedSlice`, found floating-point number
[INFO] [stdout] 
[INFO] [stdout] 
[INFO] [stdout] error[E0308]: mismatched types
[INFO] [stdout]    --> tests/lib.rs:111:18
[INFO] [stdout]     |
[INFO] [stdout] 111 |             num!(3.0),
[INFO] [stdout]     |                  ^^^ expected struct `OwnedSlice`, found floating-point number
[INFO] [stdout] 
[INFO] [stdout] 
[INFO] [stdout] error[E0308]: mismatched types
[INFO] [stdout]    --> tests/lib.rs:36:45
[INFO] [stdout]     |
[INFO] [stdout] 36  |     ($name:expr) => (Expression::Identifier($name.to_string()))
[INFO] [stdout]     |                                             ^^^^^^^^^^^^^^^^^ expected struct `OwnedSlice`, found struct `String`
[INFO] [stdout] ...
[INFO] [stdout] 127 |         Statement::Expression { value: ident!("foo") }
[INFO] [stdout]     |                                        ------------- in this macro invocation
[INFO] [stdout]     |
[INFO] [stdout]     = note: this error originates in a macro (in Nightly builds, run with -Z macro-backtrace for more info)
[INFO] [stdout] 
[INFO] [stdout] 
[INFO] [stdout] error[E0308]: mismatched types
[INFO] [stdout]    --> tests/lib.rs:136:19
[INFO] [stdout]     |
[INFO] [stdout] 136 |             name: "foo".to_string(),
[INFO] [stdout]     |                   ^^^^^^^^^^^^^^^^^ expected struct `OwnedSlice`, found struct `String`
[INFO] [stdout] 
[INFO] [stdout] 
[INFO] [stdout] error[E0308]: mismatched types
[INFO] [stdout]    --> tests/lib.rs:147:19
[INFO] [stdout]     |
[INFO] [stdout] 147 |             name: "foo".to_string(),
[INFO] [stdout]     |                   ^^^^^^^^^^^^^^^^^ expected struct `OwnedSlice`, found struct `String`
[INFO] [stdout] 
[INFO] [stdout] 
[INFO] [stdout] error[E0308]: mismatched types
[INFO] [stdout]    --> tests/lib.rs:148:30
[INFO] [stdout]     |
[INFO] [stdout] 148 |             value: Some(num!(100.0)),
[INFO] [stdout]     |                              ^^^^^ expected struct `OwnedSlice`, found floating-point number
[INFO] [stdout] 
[INFO] [stdout] 
[INFO] [stdout] error[E0308]: mismatched types
[INFO] [stdout]    --> tests/lib.rs:158:19
[INFO] [stdout]     |
[INFO] [stdout] 158 |             name: "foo".to_string(),
[INFO] [stdout]     |                   ^^^^^^^^^^^^^^^^^ expected struct `OwnedSlice`, found struct `String`
[INFO] [stdout] 
[INFO] [stdout] 
[INFO] [stdout] error[E0308]: mismatched types
[INFO] [stdout]    --> tests/lib.rs:169:19
[INFO] [stdout]     |
[INFO] [stdout] 169 |             name: "foo".to_string(),
[INFO] [stdout]     |                   ^^^^^^^^^^^^^^^^^ expected struct `OwnedSlice`, found struct `String`
[INFO] [stdout] 
[INFO] [stdout] 
[INFO] [stdout] error[E0308]: mismatched types
[INFO] [stdout]    --> tests/lib.rs:170:30
[INFO] [stdout]     |
[INFO] [stdout] 170 |             value: Some(num!(100.0)),
[INFO] [stdout]     |                              ^^^^^ expected struct `OwnedSlice`, found floating-point number
[INFO] [stdout] 
[INFO] [stdout] 
[INFO] [stdout] error[E0308]: mismatched types
[INFO] [stdout]    --> tests/lib.rs:180:19
[INFO] [stdout]     |
[INFO] [stdout] 180 |             name: "foo".to_string(),
[INFO] [stdout]     |                   ^^^^^^^^^^^^^^^^^ expected struct `OwnedSlice`, found struct `String`
[INFO] [stdout] 
[INFO] [stdout] 
[INFO] [stdout] error[E0308]: mismatched types
[INFO] [stdout]    --> tests/lib.rs:191:19
[INFO] [stdout]     |
[INFO] [stdout] 191 |             name: "foo".to_string(),
[INFO] [stdout]     |                   ^^^^^^^^^^^^^^^^^ expected struct `OwnedSlice`, found struct `String`
[INFO] [stdout] 
[INFO] [stdout] 
[INFO] [stdout] error[E0308]: mismatched types
[INFO] [stdout]    --> tests/lib.rs:192:30
[INFO] [stdout]     |
[INFO] [stdout] 192 |             value: Some(num!(100.0)),
[INFO] [stdout]     |                              ^^^^^ expected struct `OwnedSlice`, found floating-point number
[INFO] [stdout] 
[INFO] [stdout] 
[INFO] [stdout] error[E0308]: mismatched types
[INFO] [stdout]    --> tests/lib.rs:202:19
[INFO] [stdout]     |
[INFO] [stdout] 202 |             name: "foo".to_string(),
[INFO] [stdout]     |                   ^^^^^^^^^^^^^^^^^ expected struct `OwnedSlice`, found struct `String`
[INFO] [stdout] 
[INFO] [stdout] 
[INFO] [stdout] error[E0308]: mismatched types
[INFO] [stdout]    --> tests/lib.rs:205:19
[INFO] [stdout]     |
[INFO] [stdout] 205 |             name: "bar".to_string(),
[INFO] [stdout]     |                   ^^^^^^^^^^^^^^^^^ expected struct `OwnedSlice`, found struct `String`
[INFO] [stdout] 
[INFO] [stdout] 
[INFO] [stdout] error[E0308]: mismatched types
[INFO] [stdout]    --> tests/lib.rs:217:19
[INFO] [stdout]     |
[INFO] [stdout] 217 |             name: "foo".to_string(),
[INFO] [stdout]     |                   ^^^^^^^^^^^^^^^^^ expected struct `OwnedSlice`, found struct `String`
[INFO] [stdout] 
[INFO] [stdout] 
[INFO] [stdout] error[E0308]: mismatched types
[INFO] [stdout]    --> tests/lib.rs:218:30
[INFO] [stdout]     |
[INFO] [stdout] 218 |             value: Some(num!(100.0)),
[INFO] [stdout]     |                              ^^^^^ expected struct `OwnedSlice`, found floating-point number
[INFO] [stdout] 
[INFO] [stdout] 
[INFO] [stdout] error[E0308]: mismatched types
[INFO] [stdout]    --> tests/lib.rs:220:19
[INFO] [stdout]     |
[INFO] [stdout] 220 |             name: "bar".to_string(),
[INFO] [stdout]     |                   ^^^^^^^^^^^^^^^^^ expected struct `OwnedSlice`, found struct `String`
[INFO] [stdout] 
[INFO] [stdout] 
[INFO] [stdout] error[E0308]: mismatched types
[INFO] [stdout]    --> tests/lib.rs:221:30
[INFO] [stdout]     |
[INFO] [stdout] 221 |             value: Some(num!(200.0)),
[INFO] [stdout]     |                              ^^^^^ expected struct `OwnedSlice`, found floating-point number
[INFO] [stdout] 
[INFO] [stdout] 
[INFO] [stdout] error[E0308]: mismatched types
[INFO] [stdout]    --> tests/lib.rs:36:45
[INFO] [stdout]     |
[INFO] [stdout] 36  |     ($name:expr) => (Expression::Identifier($name.to_string()))
[INFO] [stdout]     |                                             ^^^^^^^^^^^^^^^^^ expected struct `OwnedSlice`, found struct `String`
[INFO] [stdout] ...
[INFO] [stdout] 228 |     assert_expression!("foobar", ident!("foobar"))
[INFO] [stdout]     |                                  ---------------- in this macro invocation
[INFO] [stdout]     |
[INFO] [stdout]     = note: this error originates in a macro (in Nightly builds, run with -Z macro-backtrace for more info)
[INFO] [stdout] 
[INFO] [stdout] 
[INFO] [stdout] error[E0308]: mismatched types
[INFO] [stdout]    --> tests/lib.rs:253:36
[INFO] [stdout]     |
[INFO] [stdout] 253 |     assert_expression!("100", num!(100.0));
[INFO] [stdout]     |                                    ^^^^^ expected struct `OwnedSlice`, found floating-point number
[INFO] [stdout] 
[INFO] [stdout] 
[INFO] [stdout] error[E0308]: mismatched types
[INFO] [stdout]    --> tests/lib.rs:273:37
[INFO] [stdout]     |
[INFO] [stdout] 273 |     assert_expression!("3.14", num!(3.14));
[INFO] [stdout]     |                                     ^^^^ expected struct `OwnedSlice`, found floating-point number
[INFO] [stdout] 
[INFO] [stdout] 
[INFO] [stdout] error[E0308]: mismatched types
[INFO] [stdout]    --> tests/lib.rs:281:24
[INFO] [stdout]     |
[INFO] [stdout] 281 |         right: boxnum!(1.0)
[INFO] [stdout]     |                        ^^^ expected struct `OwnedSlice`, found floating-point number
[INFO] [stdout] 
[INFO] [stdout] 
[INFO] [stdout] error[E0308]: mismatched types
[INFO] [stdout]    --> tests/lib.rs:288:23
[INFO] [stdout]     |
[INFO] [stdout] 288 |         left: boxnum!(1.0),
[INFO] [stdout]     |                       ^^^ expected struct `OwnedSlice`, found floating-point number
[INFO] [stdout] 
[INFO] [stdout] 
[INFO] [stdout] error[E0308]: mismatched types
[INFO] [stdout]    --> tests/lib.rs:291:27
[INFO] [stdout]     |
[INFO] [stdout] 291 |             left: boxnum!(2.0),
[INFO] [stdout]     |                           ^^^ expected struct `OwnedSlice`, found floating-point number
[INFO] [stdout] 
[INFO] [stdout] 
[INFO] [stdout] warning: 12 warnings emitted
[INFO] [stdout] 
[INFO] [stdout] 
[INFO] [stdout] error[E0308]: mismatched types
[INFO] [stdout]    --> tests/lib.rs:293:28
[INFO] [stdout]     |
[INFO] [stdout] 293 |             right: boxnum!(3.0),
[INFO] [stdout]     |                            ^^^ expected struct `OwnedSlice`, found floating-point number
[INFO] [stdout] 
[INFO] [stdout] 
[INFO] [stdout] error[E0308]: mismatched types
[INFO] [stdout]    --> tests/lib.rs:302:27
[INFO] [stdout]     |
[INFO] [stdout] 302 |             left: boxnum!(1.0),
[INFO] [stdout]     |                           ^^^ expected struct `OwnedSlice`, found floating-point number
[INFO] [stdout] 
[INFO] [stdout] 
[INFO] [stdout] error[E0308]: mismatched types
[INFO] [stdout]    --> tests/lib.rs:304:28
[INFO] [stdout]     |
[INFO] [stdout] 304 |             right: boxnum!(2.0),
[INFO] [stdout]     |                            ^^^ expected struct `OwnedSlice`, found floating-point number
[INFO] [stdout] 
[INFO] [stdout] 
[INFO] [stdout] error[E0308]: mismatched types
[INFO] [stdout]    --> tests/lib.rs:307:24
[INFO] [stdout]     |
[INFO] [stdout] 307 |         right: boxnum!(3.0),
[INFO] [stdout]     |                        ^^^ expected struct `OwnedSlice`, found floating-point number
[INFO] [stdout] 
[INFO] [stdout] 
[INFO] [stdout] error[E0308]: mismatched types
[INFO] [stdout]    --> tests/lib.rs:320:15
[INFO] [stdout]     |
[INFO] [stdout] 320 |         name: "foo".to_string(),
[INFO] [stdout]     |               ^^^^^^^^^^^^^^^^^ expected struct `OwnedSlice`, found struct `String`
[INFO] [stdout] 
[INFO] [stdout] 
[INFO] [stdout] error[E0308]: mismatched types
[INFO] [stdout]    --> tests/lib.rs:36:45
[INFO] [stdout]     |
[INFO] [stdout] 36  |     ($name:expr) => (Expression::Identifier($name.to_string()))
[INFO] [stdout]     |                                             ^^^^^^^^^^^^^^^^^ expected struct `OwnedSlice`, found struct `String`
[INFO] [stdout] ...
[INFO] [stdout] 324 |                 value: Some(ident!("bar"))
[INFO] [stdout]     |                             ------------- in this macro invocation
[INFO] [stdout]     |
[INFO] [stdout]     = note: this error originates in a macro (in Nightly builds, run with -Z macro-backtrace for more info)
[INFO] [stdout] 
[INFO] [stdout] 
[INFO] [stdout] error[E0308]: mismatched types
[INFO] [stdout]    --> tests/lib.rs:339:15
[INFO] [stdout]     |
[INFO] [stdout] 339 |         name: "foo".to_string(),
[INFO] [stdout]     |               ^^^^^^^^^^^^^^^^^ expected struct `OwnedSlice`, found struct `String`
[INFO] [stdout] 
[INFO] [stdout] 
[INFO] [stdout] error[E0308]: mismatched types
[INFO] [stdout]    --> tests/lib.rs:41:15
[INFO] [stdout]     |
[INFO] [stdout] 41  |         name: $name.to_string()
[INFO] [stdout]     |               ^^^^^^^^^^^^^^^^^ expected struct `OwnedSlice`, found struct `String`
[INFO] [stdout] ...
[INFO] [stdout] 341 |             param!("a"),
[INFO] [stdout]     |             ----------- in this macro invocation
[INFO] [stdout]     |
[INFO] [stdout]     = note: this error originates in a macro (in Nightly builds, run with -Z macro-backtrace for more info)
[INFO] [stdout] 
[INFO] [stdout] 
[INFO] [stdout] error[E0308]: mismatched types
[INFO] [stdout]    --> tests/lib.rs:41:15
[INFO] [stdout]     |
[INFO] [stdout] 41  |         name: $name.to_string()
[INFO] [stdout]     |               ^^^^^^^^^^^^^^^^^ expected struct `OwnedSlice`, found struct `String`
[INFO] [stdout] ...
[INFO] [stdout] 342 |             param!("b"),
[INFO] [stdout]     |             ----------- in this macro invocation
[INFO] [stdout]     |
[INFO] [stdout]     = note: this error originates in a macro (in Nightly builds, run with -Z macro-backtrace for more info)
[INFO] [stdout] 
[INFO] [stdout] 
[INFO] [stdout] error[E0308]: mismatched types
[INFO] [stdout]    --> tests/lib.rs:41:15
[INFO] [stdout]     |
[INFO] [stdout] 41  |         name: $name.to_string()
[INFO] [stdout]     |               ^^^^^^^^^^^^^^^^^ expected struct `OwnedSlice`, found struct `String`
[INFO] [stdout] ...
[INFO] [stdout] 343 |             param!("c"),
[INFO] [stdout]     |             ----------- in this macro invocation
[INFO] [stdout]     |
[INFO] [stdout]     = note: this error originates in a macro (in Nightly builds, run with -Z macro-backtrace for more info)
[INFO] [stdout] 
[INFO] [stdout] 
[INFO] [stdout] error[E0308]: mismatched types
[INFO] [stdout]    --> tests/lib.rs:36:45
[INFO] [stdout]     |
[INFO] [stdout] 36  |     ($name:expr) => (Expression::Identifier($name.to_string()))
[INFO] [stdout]     |                                             ^^^^^^^^^^^^^^^^^ expected struct `OwnedSlice`, found struct `String`
[INFO] [stdout] ...
[INFO] [stdout] 347 |                 value: Some(ident!("bar"))
[INFO] [stdout]     |                             ------------- in this macro invocation
[INFO] [stdout]     |
[INFO] [stdout]     = note: this error originates in a macro (in Nightly builds, run with -Z macro-backtrace for more info)
[INFO] [stdout] 
[INFO] [stdout] 
[INFO] [stdout] warning: 15 warnings emitted
[INFO] [stdout] 
[INFO] [stdout] 
[INFO] [stdout] error[E0308]: mismatched types
[INFO] [stdout]    --> tests/lib.rs:36:45
[INFO] [stdout]     |
[INFO] [stdout] 36  |     ($name:expr) => (Expression::Identifier($name.to_string()))
[INFO] [stdout]     |                                             ^^^^^^^^^^^^^^^^^ expected struct `OwnedSlice`, found struct `String`
[INFO] [stdout] ...
[INFO] [stdout] 365 |                 value: ident!("foo")
[INFO] [stdout]     |                        ------------- in this macro invocation
[INFO] [stdout]     |
[INFO] [stdout]     = note: this error originates in a macro (in Nightly builds, run with -Z macro-backtrace for more info)
[INFO] [stdout] 
[INFO] [stdout] 
[INFO] [stdout] error[E0308]: mismatched types
[INFO] [stdout]    --> tests/lib.rs:36:45
[INFO] [stdout]     |
[INFO] [stdout] 36  |     ($name:expr) => (Expression::Identifier($name.to_string()))
[INFO] [stdout]     |                                             ^^^^^^^^^^^^^^^^^ expected struct `OwnedSlice`, found struct `String`
[INFO] [stdout] ...
[INFO] [stdout] 386 |                 value: ident!("foo")
[INFO] [stdout]     |                        ------------- in this macro invocation
[INFO] [stdout]     |
[INFO] [stdout]     = note: this error originates in a macro (in Nightly builds, run with -Z macro-backtrace for more info)
[INFO] [stdout] 
[INFO] [stdout] 
[INFO] [stdout] error[E0308]: mismatched types
[INFO] [stdout]    --> tests/lib.rs:36:45
[INFO] [stdout]     |
[INFO] [stdout] 36  |     ($name:expr) => (Expression::Identifier($name.to_string()))
[INFO] [stdout]     |                                             ^^^^^^^^^^^^^^^^^ expected struct `OwnedSlice`, found struct `String`
[INFO] [stdout] ...
[INFO] [stdout] 391 |                 value: ident!("bar")
[INFO] [stdout]     |                        ------------- in this macro invocation
[INFO] [stdout]     |
[INFO] [stdout]     = note: this error originates in a macro (in Nightly builds, run with -Z macro-backtrace for more info)
[INFO] [stdout] 
[INFO] [stdout] 
[INFO] [stdout] error[E0308]: mismatched types
[INFO] [stdout]    --> tests/lib.rs:36:45
[INFO] [stdout]     |
[INFO] [stdout] 36  |     ($name:expr) => (Expression::Identifier($name.to_string()))
[INFO] [stdout]     |                                             ^^^^^^^^^^^^^^^^^ expected struct `OwnedSlice`, found struct `String`
[INFO] [stdout] ...
[INFO] [stdout] 413 |                 value: ident!("foo")
[INFO] [stdout]     |                        ------------- in this macro invocation
[INFO] [stdout]     |
[INFO] [stdout]     = note: this error originates in a macro (in Nightly builds, run with -Z macro-backtrace for more info)
[INFO] [stdout] 
[INFO] [stdout] 
[INFO] [stdout] error[E0308]: mismatched types
[INFO] [stdout]    --> tests/lib.rs:36:45
[INFO] [stdout]     |
[INFO] [stdout] 36  |     ($name:expr) => (Expression::Identifier($name.to_string()))
[INFO] [stdout]     |                                             ^^^^^^^^^^^^^^^^^ expected struct `OwnedSlice`, found struct `String`
[INFO] [stdout] ...
[INFO] [stdout] 420 |                     value: ident!("bar")
[INFO] [stdout]     |                            ------------- in this macro invocation
[INFO] [stdout]     |
[INFO] [stdout]     = note: this error originates in a macro (in Nightly builds, run with -Z macro-backtrace for more info)
[INFO] [stdout] 
[INFO] [stdout] 
[INFO] [stdout] error[E0308]: mismatched types
[INFO] [stdout]    --> tests/lib.rs:36:45
[INFO] [stdout]     |
[INFO] [stdout] 36  |     ($name:expr) => (Expression::Identifier($name.to_string()))
[INFO] [stdout]     |                                             ^^^^^^^^^^^^^^^^^ expected struct `OwnedSlice`, found struct `String`
[INFO] [stdout] ...
[INFO] [stdout] 425 |                     value: ident!("baz")
[INFO] [stdout]     |                            ------------- in this macro invocation
[INFO] [stdout]     |
[INFO] [stdout]     = note: this error originates in a macro (in Nightly builds, run with -Z macro-backtrace for more info)
[INFO] [stdout] 
[INFO] [stdout] 
[INFO] [stdout] error[E0308]: mismatched types
[INFO] [stdout]    --> tests/lib.rs:36:45
[INFO] [stdout]     |
[INFO] [stdout] 36  |     ($name:expr) => (Expression::Identifier($name.to_string()))
[INFO] [stdout]     |                                             ^^^^^^^^^^^^^^^^^ expected struct `OwnedSlice`, found struct `String`
[INFO] [stdout] ...
[INFO] [stdout] 437 |             value: ident!("foo")
[INFO] [stdout]     |                    ------------- in this macro invocation
[INFO] [stdout]     |
[INFO] [stdout]     = note: this error originates in a macro (in Nightly builds, run with -Z macro-backtrace for more info)
[INFO] [stdout] 
[INFO] [stdout] 
[INFO] [stdout] error[E0308]: mismatched types
[INFO] [stdout]    --> tests/lib.rs:36:45
[INFO] [stdout]     |
[INFO] [stdout] 36  |     ($name:expr) => (Expression::Identifier($name.to_string()))
[INFO] [stdout]     |                                             ^^^^^^^^^^^^^^^^^ expected struct `OwnedSlice`, found struct `String`
[INFO] [stdout] ...
[INFO] [stdout] 448 |             value: ident!("foo")
[INFO] [stdout]     |                    ------------- in this macro invocation
[INFO] [stdout]     |
[INFO] [stdout]     = note: this error originates in a macro (in Nightly builds, run with -Z macro-backtrace for more info)
[INFO] [stdout] 
[INFO] [stdout] 
[INFO] [stdout] error[E0308]: mismatched types
[INFO] [stdout]    --> tests/lib.rs:36:45
[INFO] [stdout]     |
[INFO] [stdout] 36  |     ($name:expr) => (Expression::Identifier($name.to_string()))
[INFO] [stdout]     |                                             ^^^^^^^^^^^^^^^^^ expected struct `OwnedSlice`, found struct `String`
[INFO] [stdout] ...
[INFO] [stdout] 451 |             value: ident!("bar")
[INFO] [stdout]     |                    ------------- in this macro invocation
[INFO] [stdout]     |
[INFO] [stdout]     = note: this error originates in a macro (in Nightly builds, run with -Z macro-backtrace for more info)
[INFO] [stdout] 
[INFO] [stdout] 
[INFO] [stdout] error[E0308]: mismatched types
[INFO] [stdout]    --> tests/lib.rs:36:45
[INFO] [stdout]     |
[INFO] [stdout] 36  |     ($name:expr) => (Expression::Identifier($name.to_string()))
[INFO] [stdout]     |                                             ^^^^^^^^^^^^^^^^^ expected struct `OwnedSlice`, found struct `String`
[INFO] [stdout] ...
[INFO] [stdout] 461 |                 left: Box::new(ident!("i")),
[INFO] [stdout]     |                                ----------- in this macro invocation
[INFO] [stdout]     |
[INFO] [stdout]     = note: this error originates in a macro (in Nightly builds, run with -Z macro-backtrace for more info)
[INFO] [stdout] 
[INFO] [stdout] 
[INFO] [stdout] error[E0308]: mismatched types
[INFO] [stdout]    --> tests/lib.rs:463:38
[INFO] [stdout]     |
[INFO] [stdout] 463 |                 right: Box::new(num!(0.0)),
[INFO] [stdout]     |                                      ^^^ expected struct `OwnedSlice`, found floating-point number
[INFO] [stdout] 
[INFO] [stdout] 
[INFO] [stdout] error[E0308]: mismatched types
[INFO] [stdout]    --> tests/lib.rs:36:45
[INFO] [stdout]     |
[INFO] [stdout] 36  |     ($name:expr) => (Expression::Identifier($name.to_string()))
[INFO] [stdout]     |                                             ^^^^^^^^^^^^^^^^^ expected struct `OwnedSlice`, found struct `String`
[INFO] [stdout] ...
[INFO] [stdout] 467 |             left: Box::new(ident!("i")),
[INFO] [stdout]     |                            ----------- in this macro invocation
[INFO] [stdout]     |
[INFO] [stdout]     = note: this error originates in a macro (in Nightly builds, run with -Z macro-backtrace for more info)
[INFO] [stdout] 
[INFO] [stdout] 
[INFO] [stdout] error[E0308]: mismatched types
[INFO] [stdout]    --> tests/lib.rs:469:34
[INFO] [stdout]     |
[INFO] [stdout] 469 |             right: Box::new(num!(10.0)),
[INFO] [stdout]     |                                  ^^^^ expected struct `OwnedSlice`, found floating-point number
[INFO] [stdout] 
[INFO] [stdout] 
[INFO] [stdout] error[E0308]: mismatched types
[INFO] [stdout]    --> tests/lib.rs:36:45
[INFO] [stdout]     |
[INFO] [stdout] 36  |     ($name:expr) => (Expression::Identifier($name.to_string()))
[INFO] [stdout]     |                                             ^^^^^^^^^^^^^^^^^ expected struct `OwnedSlice`, found struct `String`
[INFO] [stdout] ...
[INFO] [stdout] 473 |             operand: Box::new(ident!("i")),
[INFO] [stdout]     |                               ----------- in this macro invocation
[INFO] [stdout]     |
[INFO] [stdout]     = note: this error originates in a macro (in Nightly builds, run with -Z macro-backtrace for more info)
[INFO] [stdout] 
[INFO] [stdout] 
[INFO] [stdout] error[E0308]: mismatched types
[INFO] [stdout]    --> tests/lib.rs:488:27
[INFO] [stdout]     |
[INFO] [stdout] 488 |                     name: "i".to_string(),
[INFO] [stdout]     |                           ^^^^^^^^^^^^^^^ expected struct `OwnedSlice`, found struct `String`
[INFO] [stdout] 
[INFO] [stdout] 
[INFO] [stdout] error[E0308]: mismatched types
[INFO] [stdout]    --> tests/lib.rs:489:38
[INFO] [stdout]     |
[INFO] [stdout] 489 |                     value: Some(num!(0.0)),
[INFO] [stdout]     |                                      ^^^ expected struct `OwnedSlice`, found floating-point number
[INFO] [stdout] 
[INFO] [stdout] 
[INFO] [stdout] error[E0308]: mismatched types
[INFO] [stdout]    --> tests/lib.rs:36:45
[INFO] [stdout]     |
[INFO] [stdout] 36  |     ($name:expr) => (Expression::Identifier($name.to_string()))
[INFO] [stdout]     |                                             ^^^^^^^^^^^^^^^^^ expected struct `OwnedSlice`, found struct `String`
[INFO] [stdout] ...
[INFO] [stdout] 494 |             left: Box::new(ident!("i")),
[INFO] [stdout]     |                            ----------- in this macro invocation
[INFO] [stdout]     |
[INFO] [stdout]     = note: this error originates in a macro (in Nightly builds, run with -Z macro-backtrace for more info)
[INFO] [stdout] 
[INFO] [stdout] 
[INFO] [stdout] error[E0308]: mismatched types
[INFO] [stdout]    --> tests/lib.rs:496:34
[INFO] [stdout]     |
[INFO] [stdout] 496 |             right: Box::new(num!(10.0)),
[INFO] [stdout]     |                                  ^^^^ expected struct `OwnedSlice`, found floating-point number
[INFO] [stdout] 
[INFO] [stdout] 
[INFO] [stdout] error[E0308]: mismatched types
[INFO] [stdout]    --> tests/lib.rs:36:45
[INFO] [stdout]     |
[INFO] [stdout] 36  |     ($name:expr) => (Expression::Identifier($name.to_string()))
[INFO] [stdout]     |                                             ^^^^^^^^^^^^^^^^^ expected struct `OwnedSlice`, found struct `String`
[INFO] [stdout] ...
[INFO] [stdout] 500 |             operand: Box::new(ident!("i")),
[INFO] [stdout]     |                               ----------- in this macro invocation
[INFO] [stdout]     |
[INFO] [stdout]     = note: this error originates in a macro (in Nightly builds, run with -Z macro-backtrace for more info)
[INFO] [stdout] 
[INFO] [stdout] 
[INFO] [stdout] error[E0308]: mismatched types
[INFO] [stdout]    --> tests/lib.rs:36:45
[INFO] [stdout]     |
[INFO] [stdout] 36  |     ($name:expr) => (Expression::Identifier($name.to_string()))
[INFO] [stdout]     |                                             ^^^^^^^^^^^^^^^^^ expected struct `OwnedSlice`, found struct `String`
[INFO] [stdout] ...
[INFO] [stdout] 524 |             value: ident!("item")
[INFO] [stdout]     |                    -------------- in this macro invocation
[INFO] [stdout]     |
[INFO] [stdout]     = note: this error originates in a macro (in Nightly builds, run with -Z macro-backtrace for more info)
[INFO] [stdout] 
[INFO] [stdout] 
[INFO] [stdout] error[E0308]: mismatched types
[INFO] [stdout]    --> tests/lib.rs:36:45
[INFO] [stdout]     |
[INFO] [stdout] 36  |     ($name:expr) => (Expression::Identifier($name.to_string()))
[INFO] [stdout]     |                                             ^^^^^^^^^^^^^^^^^ expected struct `OwnedSlice`, found struct `String`
[INFO] [stdout] ...
[INFO] [stdout] 526 |         right: ident!("object"),
[INFO] [stdout]     |                ---------------- in this macro invocation
[INFO] [stdout]     |
[INFO] [stdout]     = note: this error originates in a macro (in Nightly builds, run with -Z macro-backtrace for more info)
[INFO] [stdout] 
[INFO] [stdout] 
[INFO] [stdout] error[E0308]: mismatched types
[INFO] [stdout]    --> tests/lib.rs:541:27
[INFO] [stdout]     |
[INFO] [stdout] 541 |                     name: "item".to_string(),
[INFO] [stdout]     |                           ^^^^^^^^^^^^^^^^^^ expected struct `OwnedSlice`, found struct `String`
[INFO] [stdout] 
[INFO] [stdout] 
[INFO] [stdout] error[E0308]: mismatched types
[INFO] [stdout]    --> tests/lib.rs:36:45
[INFO] [stdout]     |
[INFO] [stdout] 36  |     ($name:expr) => (Expression::Identifier($name.to_string()))
[INFO] [stdout]     |                                             ^^^^^^^^^^^^^^^^^ expected struct `OwnedSlice`, found struct `String`
[INFO] [stdout] ...
[INFO] [stdout] 546 |         right: ident!("object"),
[INFO] [stdout]     |                ---------------- in this macro invocation
[INFO] [stdout]     |
[INFO] [stdout]     = note: this error originates in a macro (in Nightly builds, run with -Z macro-backtrace for more info)
[INFO] [stdout] 
[INFO] [stdout] 
[INFO] [stdout] error[E0308]: mismatched types
[INFO] [stdout]    --> tests/lib.rs:36:45
[INFO] [stdout]     |
[INFO] [stdout] 36  |     ($name:expr) => (Expression::Identifier($name.to_string()))
[INFO] [stdout]     |                                             ^^^^^^^^^^^^^^^^^ expected struct `OwnedSlice`, found struct `String`
[INFO] [stdout] ...
[INFO] [stdout] 557 |             value: ident!("item")
[INFO] [stdout]     |                    -------------- in this macro invocation
[INFO] [stdout]     |
[INFO] [stdout]     = note: this error originates in a macro (in Nightly builds, run with -Z macro-backtrace for more info)
[INFO] [stdout] 
[INFO] [stdout] 
[INFO] [stdout] error[E0308]: mismatched types
[INFO] [stdout]    --> tests/lib.rs:36:45
[INFO] [stdout]     |
[INFO] [stdout] 36  |     ($name:expr) => (Expression::Identifier($name.to_string()))
[INFO] [stdout]     |                                             ^^^^^^^^^^^^^^^^^ expected struct `OwnedSlice`, found struct `String`
[INFO] [stdout] ...
[INFO] [stdout] 559 |         right: ident!("array"),
[INFO] [stdout]     |                --------------- in this macro invocation
[INFO] [stdout]     |
[INFO] [stdout]     = note: this error originates in a macro (in Nightly builds, run with -Z macro-backtrace for more info)
[INFO] [stdout] 
[INFO] [stdout] 
[INFO] [stdout] error[E0308]: mismatched types
[INFO] [stdout]    --> tests/lib.rs:573:27
[INFO] [stdout]     |
[INFO] [stdout] 573 |                     name: "item".to_string(),
[INFO] [stdout]     |                           ^^^^^^^^^^^^^^^^^^ expected struct `OwnedSlice`, found struct `String`
[INFO] [stdout] 
[INFO] [stdout] 
[INFO] [stdout] error[E0308]: mismatched types
[INFO] [stdout]    --> tests/lib.rs:36:45
[INFO] [stdout]     |
[INFO] [stdout] 36  |     ($name:expr) => (Expression::Identifier($name.to_string()))
[INFO] [stdout]     |                                             ^^^^^^^^^^^^^^^^^ expected struct `OwnedSlice`, found struct `String`
[INFO] [stdout] ...
[INFO] [stdout] 578 |         right: ident!("array"),
[INFO] [stdout]     |                --------------- in this macro invocation
[INFO] [stdout]     |
[INFO] [stdout]     = note: this error originates in a macro (in Nightly builds, run with -Z macro-backtrace for more info)
[INFO] [stdout] 
[INFO] [stdout] 
[INFO] [stdout] error[E0308]: mismatched types
[INFO] [stdout]    --> tests/lib.rs:36:45
[INFO] [stdout]     |
[INFO] [stdout] 36  |     ($name:expr) => (Expression::Identifier($name.to_string()))
[INFO] [stdout]     |                                             ^^^^^^^^^^^^^^^^^ expected struct `OwnedSlice`, found struct `String`
[INFO] [stdout] ...
[INFO] [stdout] 597 |                 value: ident!("foo")
[INFO] [stdout]     |                        ------------- in this macro invocation
[INFO] [stdout]     |
[INFO] [stdout]     = note: this error originates in a macro (in Nightly builds, run with -Z macro-backtrace for more info)
[INFO] [stdout] 
[INFO] [stdout] 
[INFO] [stdout] error[E0308]: mismatched types
[INFO] [stdout]    --> tests/lib.rs:36:45
[INFO] [stdout]     |
[INFO] [stdout] 36  |     ($name:expr) => (Expression::Identifier($name.to_string()))
[INFO] [stdout]     |                                             ^^^^^^^^^^^^^^^^^ expected struct `OwnedSlice`, found struct `String`
[INFO] [stdout] ...
[INFO] [stdout] 608 |             value: ident!("foo")
[INFO] [stdout]     |                    ------------- in this macro invocation
[INFO] [stdout]     |
[INFO] [stdout]     = note: this error originates in a macro (in Nightly builds, run with -Z macro-backtrace for more info)
[INFO] [stdout] 
[INFO] [stdout] 
[INFO] [stdout] error[E0308]: mismatched types
[INFO] [stdout]    --> tests/lib.rs:36:45
[INFO] [stdout]     |
[INFO] [stdout] 36  |     ($name:expr) => (Expression::Identifier($name.to_string()))
[INFO] [stdout]     |                                             ^^^^^^^^^^^^^^^^^ expected struct `OwnedSlice`, found struct `String`
[INFO] [stdout] ...
[INFO] [stdout] 625 |                 value: ident!("bar")
[INFO] [stdout]     |                        ------------- in this macro invocation
[INFO] [stdout]     |
[INFO] [stdout]     = note: this error originates in a macro (in Nightly builds, run with -Z macro-backtrace for more info)
[INFO] [stdout] 
[INFO] [stdout] 
[INFO] [stdout] error[E0308]: mismatched types
[INFO] [stdout]    --> tests/lib.rs:41:15
[INFO] [stdout]     |
[INFO] [stdout] 41  |         name: $name.to_string()
[INFO] [stdout]     |               ^^^^^^^^^^^^^^^^^ expected struct `OwnedSlice`, found struct `String`
[INFO] [stdout] ...
[INFO] [stdout] 635 |             param!("n")
[INFO] [stdout]     |             ----------- in this macro invocation
[INFO] [stdout]     |
[INFO] [stdout]     = note: this error originates in a macro (in Nightly builds, run with -Z macro-backtrace for more info)
[INFO] [stdout] 
[INFO] [stdout] 
[INFO] [stdout] error[E0308]: mismatched types
[INFO] [stdout]    --> tests/lib.rs:36:45
[INFO] [stdout]     |
[INFO] [stdout] 36  |     ($name:expr) => (Expression::Identifier($name.to_string()))
[INFO] [stdout]     |                                             ^^^^^^^^^^^^^^^^^ expected struct `OwnedSlice`, found struct `String`
[INFO] [stdout] ...
[INFO] [stdout] 639 |                 left: Box::new(ident!("n")),
[INFO] [stdout]     |                                ----------- in this macro invocation
[INFO] [stdout]     |
[INFO] [stdout]     = note: this error originates in a macro (in Nightly builds, run with -Z macro-backtrace for more info)
[INFO] [stdout] 
[INFO] [stdout] 
[INFO] [stdout] error[E0308]: mismatched types
[INFO] [stdout]    --> tests/lib.rs:36:45
[INFO] [stdout]     |
[INFO] [stdout] 36  |     ($name:expr) => (Expression::Identifier($name.to_string()))
[INFO] [stdout]     |                                             ^^^^^^^^^^^^^^^^^ expected struct `OwnedSlice`, found struct `String`
[INFO] [stdout] ...
[INFO] [stdout] 641 |                 right: Box::new(ident!("n")),
[INFO] [stdout]     |                                 ----------- in this macro invocation
[INFO] [stdout]     |
[INFO] [stdout]     = note: this error originates in a macro (in Nightly builds, run with -Z macro-backtrace for more info)
[INFO] [stdout] 
[INFO] [stdout] 
[INFO] [stdout] error[E0308]: mismatched types
[INFO] [stdout]    --> tests/lib.rs:41:15
[INFO] [stdout]     |
[INFO] [stdout] 41  |         name: $name.to_string()
[INFO] [stdout]     |               ^^^^^^^^^^^^^^^^^ expected struct `OwnedSlice`, found struct `String`
[INFO] [stdout] ...
[INFO] [stdout] 657 |             param!("a"),
[INFO] [stdout]     |             ----------- in this macro invocation
[INFO] [stdout]     |
[INFO] [stdout]     = note: this error originates in a macro (in Nightly builds, run with -Z macro-backtrace for more info)
[INFO] [stdout] 
[INFO] [stdout] 
[INFO] [stdout] error[E0308]: mismatched types
[INFO] [stdout]    --> tests/lib.rs:41:15
[INFO] [stdout]     |
[INFO] [stdout] 41  |         name: $name.to_string()
[INFO] [stdout]     |               ^^^^^^^^^^^^^^^^^ expected struct `OwnedSlice`, found struct `String`
[INFO] [stdout] ...
[INFO] [stdout] 658 |             param!("b"),
[INFO] [stdout]     |             ----------- in this macro invocation
[INFO] [stdout]     |
[INFO] [stdout]     = note: this error originates in a macro (in Nightly builds, run with -Z macro-backtrace for more info)
[INFO] [stdout] 
[INFO] [stdout] 
[INFO] [stdout] error[E0308]: mismatched types
[INFO] [stdout]    --> tests/lib.rs:41:15
[INFO] [stdout]     |
[INFO] [stdout] 41  |         name: $name.to_string()
[INFO] [stdout]     |               ^^^^^^^^^^^^^^^^^ expected struct `OwnedSlice`, found struct `String`
[INFO] [stdout] ...
[INFO] [stdout] 659 |             param!("c"),
[INFO] [stdout]     |             ----------- in this macro invocation
[INFO] [stdout]     |
[INFO] [stdout]     = note: this error originates in a macro (in Nightly builds, run with -Z macro-backtrace for more info)
[INFO] [stdout] 
[INFO] [stdout] 
[INFO] [stdout] error[E0308]: mismatched types
[INFO] [stdout]    --> tests/lib.rs:36:45
[INFO] [stdout]     |
[INFO] [stdout] 36  |     ($name:expr) => (Expression::Identifier($name.to_string()))
[INFO] [stdout]     |                                             ^^^^^^^^^^^^^^^^^ expected struct `OwnedSlice`, found struct `String`
[INFO] [stdout] ...
[INFO] [stdout] 663 |                 value: ident!("bar")
[INFO] [stdout]     |                        ------------- in this macro invocation
[INFO] [stdout]     |
[INFO] [stdout]     = note: this error originates in a macro (in Nightly builds, run with -Z macro-backtrace for more info)
[INFO] [stdout] 
[INFO] [stdout] 
[INFO] [stdout] error[E0308]: mismatched types
[INFO] [stdout]    --> tests/lib.rs:36:45
[INFO] [stdout]     |
[INFO] [stdout] 36  |     ($name:expr) => (Expression::Identifier($name.to_string()))
[INFO] [stdout]     |                                             ^^^^^^^^^^^^^^^^^ expected struct `OwnedSlice`, found struct `String`
[INFO] [stdout] ...
[INFO] [stdout] 682 |                 value: Some(ident!("bar"))
[INFO] [stdout]     |                             ------------- in this macro invocation
[INFO] [stdout]     |
[INFO] [stdout]     = note: this error originates in a macro (in Nightly builds, run with -Z macro-backtrace for more info)
[INFO] [stdout] 
[INFO] [stdout] 
[INFO] [stdout] error[E0308]: mismatched types
[INFO] [stdout]    --> tests/lib.rs:697:20
[INFO] [stdout]     |
[INFO] [stdout] 697 |         name: Some("foo".to_string()),
[INFO] [stdout]     |                    ^^^^^^^^^^^^^^^^^ expected struct `OwnedSlice`, found struct `String`
[INFO] [stdout] 
[INFO] [stdout] 
[INFO] [stdout] error[E0308]: mismatched types
[INFO] [stdout]    --> tests/lib.rs:36:45
[INFO] [stdout]     |
[INFO] [stdout] 36  |     ($name:expr) => (Expression::Identifier($name.to_string()))
[INFO] [stdout]     |                                             ^^^^^^^^^^^^^^^^^ expected struct `OwnedSlice`, found struct `String`
[INFO] [stdout] ...
[INFO] [stdout] 701 |                 value: Some(ident!("bar"))
[INFO] [stdout]     |                             ------------- in this macro invocation
[INFO] [stdout]     |
[INFO] [stdout]     = note: this error originates in a macro (in Nightly builds, run with -Z macro-backtrace for more info)
[INFO] [stdout] 
[INFO] [stdout] 
[INFO] [stdout] error[E0308]: mismatched types
[INFO] [stdout]    --> tests/lib.rs:36:45
[INFO] [stdout]     |
[INFO] [stdout] 36  |     ($name:expr) => (Expression::Identifier($name.to_string()))
[INFO] [stdout]     |                                             ^^^^^^^^^^^^^^^^^ expected struct `OwnedSlice`, found struct `String`
[INFO] [stdout] ...
[INFO] [stdout] 710 |         value: ident!("foo")
[INFO] [stdout]     |                ------------- in this macro invocation
[INFO] [stdout]     |
[INFO] [stdout]     = note: this error originates in a macro (in Nightly builds, run with -Z macro-backtrace for more info)
[INFO] [stdout] 
[INFO] [stdout] 
[INFO] [stdout] error[E0308]: mismatched types
[INFO] [stdout]    --> tests/lib.rs:36:45
[INFO] [stdout]     |
[INFO] [stdout] 36  |     ($name:expr) => (Expression::Identifier($name.to_string()))
[INFO] [stdout]     |                                             ^^^^^^^^^^^^^^^^^ expected struct `OwnedSlice`, found struct `String`
[INFO] [stdout] ...
[INFO] [stdout] 718 |             ident!("foo"),
[INFO] [stdout]     |             ------------- in this macro invocation
[INFO] [stdout]     |
[INFO] [stdout]     = note: this error originates in a macro (in Nightly builds, run with -Z macro-backtrace for more info)
[INFO] [stdout] 
[INFO] [stdout] 
[INFO] [stdout] error[E0308]: mismatched types
[INFO] [stdout]    --> tests/lib.rs:36:45
[INFO] [stdout]     |
[INFO] [stdout] 36  |     ($name:expr) => (Expression::Identifier($name.to_string()))
[INFO] [stdout]     |                                             ^^^^^^^^^^^^^^^^^ expected struct `OwnedSlice`, found struct `String`
[INFO] [stdout] ...
[INFO] [stdout] 719 |             ident!("bar"),
[INFO] [stdout]     |             ------------- in this macro invocation
[INFO] [stdout]     |
[INFO] [stdout]     = note: this error originates in a macro (in Nightly builds, run with -Z macro-backtrace for more info)
[INFO] [stdout] 
[INFO] [stdout] 
[INFO] [stdout] error[E0308]: mismatched types
[INFO] [stdout]    --> tests/lib.rs:36:45
[INFO] [stdout]     |
[INFO] [stdout] 36  |     ($name:expr) => (Expression::Identifier($name.to_string()))
[INFO] [stdout]     |                                             ^^^^^^^^^^^^^^^^^ expected struct `OwnedSlice`, found struct `String`
[INFO] [stdout] ...
[INFO] [stdout] 720 |             ident!("baz"),
[INFO] [stdout]     |             ------------- in this macro invocation
[INFO] [stdout]     |
[INFO] [stdout]     = note: this error originates in a macro (in Nightly builds, run with -Z macro-backtrace for more info)
[INFO] [stdout] 
[INFO] [stdout] 
[INFO] [stdout] error[E0308]: mismatched types
[INFO] [stdout]    --> tests/lib.rs:36:45
[INFO] [stdout]     |
[INFO] [stdout] 36  |     ($name:expr) => (Expression::Identifier($name.to_string()))
[INFO] [stdout]     |                                             ^^^^^^^^^^^^^^^^^ expected struct `OwnedSlice`, found struct `String`
[INFO] [stdout] ...
[INFO] [stdout] 728 |         object: Box::new(ident!("foo")),
[INFO] [stdout]     |                          ------------- in this macro invocation
[INFO] [stdout]     |
[INFO] [stdout]     = note: this error originates in a macro (in Nightly builds, run with -Z macro-backtrace for more info)
[INFO] [stdout] 
[INFO] [stdout] 
[INFO] [stdout] error[E0308]: mismatched types
[INFO] [stdout]    --> tests/lib.rs:731:22
[INFO] [stdout]     |
[INFO] [stdout] 731 |                 num!(1.0),
[INFO] [stdout]     |                      ^^^ expected struct `OwnedSlice`, found floating-point number
[INFO] [stdout] 
[INFO] [stdout] 
[INFO] [stdout] error[E0308]: mismatched types
[INFO] [stdout]    --> tests/lib.rs:732:22
[INFO] [stdout]     |
[INFO] [stdout] 732 |                 num!(2.0),
[INFO] [stdout]     |                      ^^^ expected struct `OwnedSlice`, found floating-point number
[INFO] [stdout] 
[INFO] [stdout] 
[INFO] [stdout] error[E0308]: mismatched types
[INFO] [stdout]    --> tests/lib.rs:733:22
[INFO] [stdout]     |
[INFO] [stdout] 733 |                 num!(3.0),
[INFO] [stdout]     |                      ^^^ expected struct `OwnedSlice`, found floating-point number
[INFO] [stdout] 
[INFO] [stdout] 
[INFO] [stdout] error[E0308]: mismatched types
[INFO] [stdout]    --> tests/lib.rs:729:19
[INFO] [stdout]     |
[INFO] [stdout] 729 |           property: Box::new(MemberKey::Computed(
[INFO] [stdout]     |  ___________________^
[INFO] [stdout] 730 | |             Expression::Sequence(vec![
[INFO] [stdout] 731 | |                 num!(1.0),
[INFO] [stdout] 732 | |                 num!(2.0),
[INFO] [stdout] 733 | |                 num!(3.0),
[INFO] [stdout] 734 | |             ])
[INFO] [stdout] 735 | |         ))
[INFO] [stdout]     | |__________^ expected struct `OwnedSlice`, found struct `Box`
[INFO] [stdout]     |
[INFO] [stdout]     = note: expected struct `OwnedSlice`
[INFO] [stdout]                found struct `Box<_>`
[INFO] [stdout] help: consider dereferencing the type
[INFO] [stdout]     |
[INFO] [stdout] 729 |         property: *Box::new(MemberKey::Computed(
[INFO] [stdout] 730 |             Expression::Sequence(vec![
[INFO] [stdout] 731 |                 num!(1.0),
[INFO] [stdout] 732 |                 num!(2.0),
[INFO] [stdout] 733 |                 num!(3.0),
[INFO] [stdout] 734 |             ])
[INFO] [stdout]   ...
[INFO] [stdout] 
[INFO] [stdout] 
[INFO] [stdout] error[E0308]: mismatched types
[INFO] [stdout]    --> tests/lib.rs:743:18
[INFO] [stdout]     |
[INFO] [stdout] 743 |             key: "foo".to_string(),
[INFO] [stdout]     |                  ^^^^^^^^^^^^^^^^^ expected struct `OwnedSlice`, found struct `String`
[INFO] [stdout] 
[INFO] [stdout] 
[INFO] [stdout] error[E0308]: mismatched types
[INFO] [stdout]    --> tests/lib.rs:744:25
[INFO] [stdout]     |
[INFO] [stdout] 744 |             value: num!(100.0),
[INFO] [stdout]     |                         ^^^^^ expected struct `OwnedSlice`, found floating-point number
[INFO] [stdout] 
[INFO] [stdout] 
[INFO] [stdout] error[E0308]: mismatched types
[INFO] [stdout]    --> tests/lib.rs:753:23
[INFO] [stdout]     |
[INFO] [stdout] 753 |             key: num!(100.0),
[INFO] [stdout]     |                       ^^^^^ expected struct `OwnedSlice`, found floating-point number
[INFO] [stdout] 
[INFO] [stdout] 
[INFO] [stdout] error[E0308]: mismatched types
[INFO] [stdout]    --> tests/lib.rs:754:25
[INFO] [stdout]     |
[INFO] [stdout] 754 |             value: num!(100.0),
[INFO] [stdout]     |                         ^^^^^ expected struct `OwnedSlice`, found floating-point number
[INFO] [stdout] 
[INFO] [stdout] 
[INFO] [stdout] error[E0308]: mismatched types
[INFO] [stdout]    --> tests/lib.rs:763:18
[INFO] [stdout]     |
[INFO] [stdout] 763 |             key: "foo".to_string(),
[INFO] [stdout]     |                  ^^^^^^^^^^^^^^^^^ expected struct `OwnedSlice`, found struct `String`
[INFO] [stdout] 
[INFO] [stdout] 
[INFO] [stdout] error[E0308]: mismatched types
[INFO] [stdout]    --> tests/lib.rs:772:19
[INFO] [stdout]     |
[INFO] [stdout] 772 |             name: "foo".to_string(),
[INFO] [stdout]     |                   ^^^^^^^^^^^^^^^^^ expected struct `OwnedSlice`, found struct `String`
[INFO] [stdout] 
[INFO] [stdout] 
[INFO] [stdout] error[E0308]: mismatched types
[INFO] [stdout]    --> tests/lib.rs:783:24
[INFO] [stdout]     |
[INFO] [stdout] 783 |             name: num!(100.0),
[INFO] [stdout]     |                        ^^^^^ expected struct `OwnedSlice`, found floating-point number
[INFO] [stdout] 
[INFO] [stdout] 
[INFO] [stdout] error[E0308]: mismatched types
[INFO] [stdout]    --> tests/lib.rs:793:15
[INFO] [stdout]     |
[INFO] [stdout] 793 |         name: "Foo".to_string(),
[INFO] [stdout]     |               ^^^^^^^^^^^^^^^^^ expected struct `OwnedSlice`, found struct `String`
[INFO] [stdout] 
[INFO] [stdout] 
[INFO] [stdout] error[E0308]: mismatched types
[INFO] [stdout]    --> tests/lib.rs:802:15
[INFO] [stdout]     |
[INFO] [stdout] 802 |         name: "Foo".to_string(),
[INFO] [stdout]     |               ^^^^^^^^^^^^^^^^^ expected struct `OwnedSlice`, found struct `String`
[INFO] [stdout] 
[INFO] [stdout] 
[INFO] [stdout] error[E0308]: mismatched types
[INFO] [stdout]    --> tests/lib.rs:803:23
[INFO] [stdout]     |
[INFO] [stdout] 803 |         extends: Some("Bar".to_string()),
[INFO] [stdout]     |                       ^^^^^^^^^^^^^^^^^ expected struct `OwnedSlice`, found struct `String`
[INFO] [stdout] 
[INFO] [stdout] 
[INFO] [stdout] error[E0308]: mismatched types
[INFO] [stdout]    --> tests/lib.rs:817:15
[INFO] [stdout]     |
[INFO] [stdout] 817 |         name: "Foo".to_string(),
[INFO] [stdout]     |               ^^^^^^^^^^^^^^^^^ expected struct `OwnedSlice`, found struct `String`
[INFO] [stdout] 
[INFO] [stdout] 
[INFO] [stdout] error[E0308]: mismatched types
[INFO] [stdout]    --> tests/lib.rs:837:15
[INFO] [stdout]     |
[INFO] [stdout] 837 |         name: "Foo".to_string(),
[INFO] [stdout]     |               ^^^^^^^^^^^^^^^^^ expected struct `OwnedSlice`, found struct `String`
[INFO] [stdout] 
[INFO] [stdout] 
[INFO] [stdout] error[E0308]: mismatched types
[INFO] [stdout]    --> tests/lib.rs:842:23
[INFO] [stdout]     |
[INFO] [stdout] 842 |                 name: "bar".to_string(),
[INFO] [stdout]     |                       ^^^^^^^^^^^^^^^^^ expected struct `OwnedSlice`, found struct `String`
[INFO] [stdout] 
[INFO] [stdout] 
[INFO] [stdout] error[E0308]: mismatched types
[INFO] [stdout]    --> tests/lib.rs:859:15
[INFO] [stdout]     |
[INFO] [stdout] 859 |         name: "Foo".to_string(),
[INFO] [stdout]     |               ^^^^^^^^^^^^^^^^^ expected struct `OwnedSlice`, found struct `String`
[INFO] [stdout] 
[INFO] [stdout] 
[INFO] [stdout] error[E0308]: mismatched types
[INFO] [stdout]    --> tests/lib.rs:864:23
[INFO] [stdout]     |
[INFO] [stdout] 864 |                 name: "bar".to_string(),
[INFO] [stdout]     |                       ^^^^^^^^^^^^^^^^^ expected struct `OwnedSlice`, found struct `String`
[INFO] [stdout] 
[INFO] [stdout] 
[INFO] [stdout] error[E0308]: mismatched types
[INFO] [stdout]    --> tests/lib.rs:881:15
[INFO] [stdout]     |
[INFO] [stdout] 881 |         name: "Foo".to_string(),
[INFO] [stdout]     |               ^^^^^^^^^^^^^^^^^ expected struct `OwnedSlice`, found struct `String`
[INFO] [stdout] 
[INFO] [stdout] 
[INFO] [stdout] error[E0308]: mismatched types
[INFO] [stdout]    --> tests/lib.rs:886:23
[INFO] [stdout]     |
[INFO] [stdout] 886 |                 name: "bar".to_string(),
[INFO] [stdout]     |                       ^^^^^^^^^^^^^^^^^ expected struct `OwnedSlice`, found struct `String`
[INFO] [stdout] 
[INFO] [stdout] 
[INFO] [stdout] error[E0308]: mismatched types
[INFO] [stdout]    --> tests/lib.rs:887:29
[INFO] [stdout]     |
[INFO] [stdout] 887 |                 value: num!(100.0),
[INFO] [stdout]     |                             ^^^^^ expected struct `OwnedSlice`, found floating-point number
[INFO] [stdout] 
[INFO] [stdout] 
[INFO] [stdout] error[E0308]: mismatched types
[INFO] [stdout]    --> tests/lib.rs:902:15
[INFO] [stdout]     |
[INFO] [stdout] 902 |         name: "Foo".to_string(),
[INFO] [stdout]     |               ^^^^^^^^^^^^^^^^^ expected struct `OwnedSlice`, found struct `String`
[INFO] [stdout] 
[INFO] [stdout] 
[INFO] [stdout] error[E0308]: mismatched types
[INFO] [stdout]    --> tests/lib.rs:907:23
[INFO] [stdout]     |
[INFO] [stdout] 907 |                 name: "bar".to_string(),
[INFO] [stdout]     |                       ^^^^^^^^^^^^^^^^^ expected struct `OwnedSlice`, found struct `String`
[INFO] [stdout] 
[INFO] [stdout] 
[INFO] [stdout] error[E0308]: mismatched types
[INFO] [stdout]    --> tests/lib.rs:908:29
[INFO] [stdout]     |
[INFO] [stdout] 908 |                 value: num!(100.0),
[INFO] [stdout]     |                             ^^^^^ expected struct `OwnedSlice`, found floating-point number
[INFO] [stdout] 
[INFO] [stdout] 
[INFO] [stdout] error: aborting due to 111 previous errors
[INFO] [stdout] 
[INFO] [stdout] 
[INFO] [stdout] Some errors have detailed explanations: E0308, E0433.
[INFO] [stdout] 
[INFO] [stdout] For more information about an error, try `rustc --explain E0308`.
[INFO] [stdout] 
[INFO] [stderr] error: could not compile `badger`
[INFO] [stderr] 
[INFO] [stderr] To learn more, run the command again with --verbose.
[INFO] running `Command { std: "docker" "inspect" "7602678bb655f9cc1ab17d30186dd30e20de7bf0943590e0778f89d3281c66a3", kill_on_drop: false }`
[INFO] running `Command { std: "docker" "rm" "-f" "7602678bb655f9cc1ab17d30186dd30e20de7bf0943590e0778f89d3281c66a3", kill_on_drop: false }`
[INFO] [stdout] 7602678bb655f9cc1ab17d30186dd30e20de7bf0943590e0778f89d3281c66a3
